{"id":769,"date":"2018-08-22T12:28:05","date_gmt":"2018-08-22T15:28:05","guid":{"rendered":"http:\/\/saojosedoipiranga.com.br\/site\/?page_id=769"},"modified":"2022-09-20T14:38:59","modified_gmt":"2022-09-20T17:38:59","slug":"oracoes","status":"publish","type":"page","link":"https:\/\/saojosedoipiranga.com.br\/new\/oracoes\/","title":{"rendered":"Ora\u00e7\u00f5es"},"content":{"rendered":"\n<h2 class=\"wp-block-heading\">Ora\u00e7\u00f5es Diversas<\/h2>\n\n\n\n<hr class=\"wp-block-separator\"\/>\n\n\n\n<p><strong>PAI NOSSO<br><\/strong>Pai nosso que estais nos c\u00e9us, santificado seja o vosso nome,&nbsp;venha a n\u00f3s o vosso Reino,&nbsp;seja feita a vossa vontade, assim na terra como no c\u00e9u; o p\u00e3o nosso de cada dia nos dai hoje, perdoai-nos as nossas ofensas, assim como n\u00f3s perdoamos a quem nos tem ofendido, e n\u00e3o nos deixeis cair em tenta\u00e7\u00e3o,&nbsp;mas livrai-nos do mal.Am\u00e9m<\/p>\n\n\n\n<hr class=\"wp-block-separator\"\/>\n\n\n\n<p><strong>AVE MARIA<br><\/strong>Ave, Maria, cheia de gra\u00e7a,o Senhor \u00e9 convosco;<br>Bendita sois v\u00f3s entre as mulheres e bendito \u00e9 o fruto do vosso ventre, Jesus.<br>Santa Maria, M\u00e3e de Deus,\u00a0rogai por n\u00f3s os pecadores,agora e na hora de nossa morte.<br>Am\u00e9m.<\/p>\n\n\n\n<hr class=\"wp-block-separator\"\/>\n\n\n\n<p><strong>VINDE ESP\u00cdRITO SANTO<br><\/strong>Vinde Esp\u00edrito Santo, enchei os cora\u00e7\u00f5es dos vossos fi\u00e9is e acendei neles o fogo do Vosso Amor.<br>Enviai o Vosso Esp\u00edrito e tudo ser\u00e1 criado e renovareis a face da terra.\u00a0<br>Oremos: \u00d3 Deus que instru\u00edste os cora\u00e7\u00f5es dos vossos fi\u00e9is, com a luz do Esp\u00edrito Santo, fazei que apreciemos retamente todas as coisas segundo o mesmo Esp\u00edrito e gozemos da sua consola\u00e7\u00e3o.Por Cristo Senhor Nosso. Am\u00e9m<\/p>\n\n\n\n<hr class=\"wp-block-separator\"\/>\n\n\n\n<p><strong>CREIO<\/strong><br>Creio em Deus Pai todo-poderoso,criador do c\u00e9u e da terra.E em Jesus Cristo, seu \u00fanico Filho, nosso Senhor,que foi concebido pelo poder do Esp\u00edrito Santo;\u00a0nasceu da Virgem Maria;<br>Padeceu sob P\u00f4ncio Pilatos, foi crucificado, morto e sepultado;<br>Desceu a mans\u00e3o dos mortos;ressuscitou ao terceiro dia;\u00a0<br>Subiu aos c\u00e9us, est\u00e1 sentado \u00e0 direita de Deus Pai todo-poderoso,donde h\u00e1 de vir julgar os vivos e os mortos.<br>Creio no Esp\u00edrito Santo, na santa Igreja Cat\u00f3lica, na comunh\u00e3o dos santos, nas remiss\u00e3o dos pecados, na ressurrei\u00e7\u00e3o da carne, na vida eterna.\u00a0Am\u00e9m<\/p>\n\n\n\n<hr class=\"wp-block-separator\"\/>\n\n\n\n<p><strong>SALVE RAINHA<br><\/strong>Salve, Rainha, M\u00e3e de miseric\u00f3rdia, vida, do\u00e7ura, esperan\u00e7a nossa, salve!<br>A v\u00f3s bradamos os degredados filhos de Eva,\u00a0a v\u00f3s suspiramos, gemendo e chorando nesse vale de l\u00e1grimas.Eia, pois, Advogada nossa, esses vossos olhos misericordiosos a n\u00f3s volvei;e depois deste desterro mostrai-nos Jesus, bendito fruto de vosso ventre,\u00e9 clemente, \u00e9 piedosa, \u00f3 doce sempre Virgem Maria.Rogai por n\u00f3s, Santa M\u00e3e de Deus!Para que sejamos dignos das promessas de Cristo.<\/p>\n\n\n\n<hr class=\"wp-block-separator\"\/>\n\n    <div class=\"xs_social_share_widget xs_share_url after_content \t\tmain_content  wslu-style-1 wslu-share-box-shaped wslu-fill-colored wslu-none wslu-share-horizontal wslu-theme-font-no wslu-main_content\">\n\n\t\t\n        <ul>\n\t\t\t        <\/ul>\n    <\/div> \n","protected":false},"excerpt":{"rendered":"<p>Ora\u00e7\u00f5es Diversas PAI NOSSOPai nosso que estais nos c\u00e9us, santificado seja o vosso nome,&nbsp;venha a n\u00f3s o vosso Reino,&nbsp;seja feita a vossa vontade, assim na terra como no c\u00e9u; o&hellip; <br \/> <a class=\"read-more\" href=\"https:\/\/saojosedoipiranga.com.br\/new\/oracoes\/\">Leia mais<\/a><\/p>\n","protected":false},"author":3,"featured_media":681,"parent":0,"menu_order":0,"comment_status":"closed","ping_status":"closed","template":"","meta":{"_vp_format_video_url":"","_vp_image_focal_point":[],"footnotes":""},"class_list":["post-769","page","type-page","status-publish","has-post-thumbnail","hentry"],"_links":{"self":[{"href":"https:\/\/saojosedoipiranga.com.br\/new\/wp-json\/wp\/v2\/pages\/769","targetHints":{"allow":["GET"]}}],"collection":[{"href":"https:\/\/saojosedoipiranga.com.br\/new\/wp-json\/wp\/v2\/pages"}],"about":[{"href":"https:\/\/saojosedoipiranga.com.br\/new\/wp-json\/wp\/v2\/types\/page"}],"author":[{"embeddable":true,"href":"https:\/\/saojosedoipiranga.com.br\/new\/wp-json\/wp\/v2\/users\/3"}],"replies":[{"embeddable":true,"href":"https:\/\/saojosedoipiranga.com.br\/new\/wp-json\/wp\/v2\/comments?post=769"}],"version-history":[{"count":18,"href":"https:\/\/saojosedoipiranga.com.br\/new\/wp-json\/wp\/v2\/pages\/769\/revisions"}],"predecessor-version":[{"id":5169,"href":"https:\/\/saojosedoipiranga.com.br\/new\/wp-json\/wp\/v2\/pages\/769\/revisions\/5169"}],"wp:featuredmedia":[{"embeddable":true,"href":"https:\/\/saojosedoipiranga.com.br\/new\/wp-json\/wp\/v2\/media\/681"}],"wp:attachment":[{"href":"https:\/\/saojosedoipiranga.com.br\/new\/wp-json\/wp\/v2\/media?parent=769"}],"curies":[{"name":"wp","href":"https:\/\/api.w.org\/{rel}","templated":true}]}}