{"id":762,"date":"2018-08-22T12:26:14","date_gmt":"2018-08-22T15:26:14","guid":{"rendered":"http:\/\/saojosedoipiranga.com.br\/site\/?page_id=762"},"modified":"2021-02-25T14:59:21","modified_gmt":"2021-02-25T17:59:21","slug":"consagracao","status":"publish","type":"page","link":"https:\/\/saojosedoipiranga.com.br\/new\/consagracao\/","title":{"rendered":"Consagra\u00e7\u00e3o"},"content":{"rendered":"\n<h2 class=\"wp-block-heading\">Ato de Consagra\u00e7\u00e3o a S\u00e3o Jos\u00e9<\/h2>\n\n\n\n<hr class=\"wp-block-separator\"\/>\n\n\n\n<div align=\"justify\"><p>\u201cGlorioso S\u00e3o Jos\u00e9, eu vos amo e bendigo, em uni\u00e3o com Jesus e Maria. \u00d3 pai adotivo do Filho de Deus, v\u00f3s sois digno de ser louvado, venerado e invocado com especial amor e confian\u00e7a, pelo primor da vossa dignidade, pela grandeza da vossa gl\u00f3ria e pelo poder da vossa intercess\u00e3o. Na presen\u00e7a da Sant\u00edssima Trindade, perante Jesus, vosso Filho adotivo, e Maria, vossa esposa imaculada e minha m\u00e3e amoros\u00edssima, eu me consagro a v\u00f3s, tomando-vos por meu pai, protetor e advogado junto a Jesus e Maria.\n<br><br>\nProponho, firmemente, \u00f3 meu glorioso pai, nunca esquecer-me de v\u00f3s, honrar-vos todos os dias que Deus me conceder e fazer quanto em mum estiver para inspirar tamb\u00e9m a outros uma terna e sincera devo\u00e7\u00e3o para convosco. Dignai-vos, eu vos pe\u00e7o, \u00f3 glorioso S\u00e3o Jos\u00e9, conceder-me a vossa prote\u00e7\u00e3o especial, e admitir-me entre os vosso mais fervorosos servos. Vigiai sobre mim em todos os perigos e conservai-me o tesouro da pureza do cora\u00e7\u00e3o.\n<br><br>\nEm todas as minhas a\u00e7\u00f5es, trabalhos e sofrimentos assisti-me, favorecei-me junto a Jesus e Maria, e n\u00e3o me desampareis na hora da minha morte. Lembrai-vos, \u00f3 S\u00e3o Jos\u00e9, que com tanta confian\u00e7a me consagrei a v\u00f3s e rogai por mim agora e sempre. <br>\nAm\u00e9m\u201d\n<\/p><\/div>\n\n\n\n<p><\/p>\n\n\n\n<p>(Manual de S\u00e3o Jos\u00e9 &#8211; Ferreira Ori\u00e1 Filho Humberto, pag. 60)<\/p>\n\n    <div class=\"xs_social_share_widget xs_share_url after_content \t\tmain_content  wslu-style-1 wslu-share-box-shaped wslu-fill-colored wslu-none wslu-share-horizontal wslu-theme-font-no wslu-main_content\">\n\n\t\t\n        <ul>\n\t\t\t        <\/ul>\n    <\/div> \n","protected":false},"excerpt":{"rendered":"<p>Ato de Consagra\u00e7\u00e3o a S\u00e3o Jos\u00e9 \u201cGlorioso S\u00e3o Jos\u00e9, eu vos amo e bendigo, em uni\u00e3o com Jesus e Maria. \u00d3 pai adotivo do Filho de Deus, v\u00f3s sois digno&hellip; <br \/> <a class=\"read-more\" href=\"https:\/\/saojosedoipiranga.com.br\/new\/consagracao\/\">Leia mais<\/a><\/p>\n","protected":false},"author":3,"featured_media":2616,"parent":0,"menu_order":0,"comment_status":"closed","ping_status":"closed","template":"","meta":{"_vp_format_video_url":"","_vp_image_focal_point":[],"footnotes":""},"class_list":["post-762","page","type-page","status-publish","has-post-thumbnail","hentry"],"_links":{"self":[{"href":"https:\/\/saojosedoipiranga.com.br\/new\/wp-json\/wp\/v2\/pages\/762","targetHints":{"allow":["GET"]}}],"collection":[{"href":"https:\/\/saojosedoipiranga.com.br\/new\/wp-json\/wp\/v2\/pages"}],"about":[{"href":"https:\/\/saojosedoipiranga.com.br\/new\/wp-json\/wp\/v2\/types\/page"}],"author":[{"embeddable":true,"href":"https:\/\/saojosedoipiranga.com.br\/new\/wp-json\/wp\/v2\/users\/3"}],"replies":[{"embeddable":true,"href":"https:\/\/saojosedoipiranga.com.br\/new\/wp-json\/wp\/v2\/comments?post=762"}],"version-history":[{"count":15,"href":"https:\/\/saojosedoipiranga.com.br\/new\/wp-json\/wp\/v2\/pages\/762\/revisions"}],"predecessor-version":[{"id":3866,"href":"https:\/\/saojosedoipiranga.com.br\/new\/wp-json\/wp\/v2\/pages\/762\/revisions\/3866"}],"wp:featuredmedia":[{"embeddable":true,"href":"https:\/\/saojosedoipiranga.com.br\/new\/wp-json\/wp\/v2\/media\/2616"}],"wp:attachment":[{"href":"https:\/\/saojosedoipiranga.com.br\/new\/wp-json\/wp\/v2\/media?parent=762"}],"curies":[{"name":"wp","href":"https:\/\/api.w.org\/{rel}","templated":true}]}}