{"id":73,"date":"2017-09-02T17:38:40","date_gmt":"2017-09-02T20:38:40","guid":{"rendered":"http:\/\/saojosedoipiranga.com.br\/site\/?page_id=73"},"modified":"2022-03-28T12:59:44","modified_gmt":"2022-03-28T15:59:44","slug":"contato","status":"publish","type":"page","link":"https:\/\/saojosedoipiranga.com.br\/new\/contato\/","title":{"rendered":"Contato"},"content":{"rendered":"\n<p class=\"has-large-font-size\">Fale conosco!<\/p>\n\n\n\n<hr class=\"wp-block-separator\"\/>\n\n\n\n<figure class=\"wp-block-image size-large\"><img decoding=\"async\" width=\"150\" height=\"150\" src=\"https:\/\/saojosedoipiranga.com.br\/new\/wp-content\/uploads\/2020\/12\/log1-edited.jpg\" alt=\"\" class=\"wp-image-2998\" srcset=\"https:\/\/saojosedoipiranga.com.br\/new\/wp-content\/uploads\/2020\/12\/log1-edited.jpg 150w, https:\/\/saojosedoipiranga.com.br\/new\/wp-content\/uploads\/2020\/12\/log1-edited-75x75.jpg 75w\" sizes=\"(max-width: 150px) 100vw, 150px\" \/><\/figure>\n\n\n\n<p><strong>Em que podemos ajudar?<\/strong><\/p>\n\n\n\n<p><strong>Segunda \u00e0 sexta:<\/strong>\u00a0das 8h \u00e0s 12h e das 13h \u00e0s 17h<br><strong>S\u00e1bado:<\/strong>\u00a0das 8h \u00e0s 12h\u00a0\u00a0\u00a0<\/p>\n\n\n\n<p><strong>Telefones:<\/strong><br>+ 55 11 2063.1818<br>+ 55 11 2063.2523<\/p>\n\n\n\n<p><strong>E-mail:\u00a0<\/strong><a href=\"mailto:contato@saojosedoipiranga.com.br\">contato@saojosedoipiranga.com.br<\/a> <\/p>\n\n\n\n<figure class=\"wp-block-image size-large is-resized\"><a href=\"http:\/\/api.whatsapp.com\/send?phone=5511945558536\" target=\"_blank\" rel=\"noopener\"><img decoding=\"async\" src=\"https:\/\/saojosedoipiranga.com.br\/new\/wp-content\/uploads\/2021\/02\/botaowhatsapp-edited-1024x341.png\" alt=\"\" class=\"wp-image-3798\" width=\"300\" srcset=\"https:\/\/saojosedoipiranga.com.br\/new\/wp-content\/uploads\/2021\/02\/botaowhatsapp-edited-1024x341.png 1024w, https:\/\/saojosedoipiranga.com.br\/new\/wp-content\/uploads\/2021\/02\/botaowhatsapp-edited-300x100.png 300w, https:\/\/saojosedoipiranga.com.br\/new\/wp-content\/uploads\/2021\/02\/botaowhatsapp-edited-768x256.png 768w, https:\/\/saojosedoipiranga.com.br\/new\/wp-content\/uploads\/2021\/02\/botaowhatsapp-edited-500x166.png 500w, https:\/\/saojosedoipiranga.com.br\/new\/wp-content\/uploads\/2021\/02\/botaowhatsapp-edited-800x266.png 800w, https:\/\/saojosedoipiranga.com.br\/new\/wp-content\/uploads\/2021\/02\/botaowhatsapp-edited-1280x426.png 1280w, https:\/\/saojosedoipiranga.com.br\/new\/wp-content\/uploads\/2021\/02\/botaowhatsapp-edited-1536x511.png 1536w, https:\/\/saojosedoipiranga.com.br\/new\/wp-content\/uploads\/2021\/02\/botaowhatsapp-edited.png 1629w\" sizes=\"(max-width: 1024px) 100vw, 1024px\" \/><\/a><\/figure>\n\n    <div class=\"xs_social_share_widget xs_share_url after_content \t\tmain_content  wslu-style-1 wslu-share-box-shaped wslu-fill-colored wslu-none wslu-share-horizontal wslu-theme-font-no wslu-main_content\">\n\n\t\t\n        <ul>\n\t\t\t        <\/ul>\n    <\/div> \n","protected":false},"excerpt":{"rendered":"<p>Fale conosco! Em que podemos ajudar? Segunda \u00e0 sexta:\u00a0das 8h \u00e0s 12h e das 13h \u00e0s 17hS\u00e1bado:\u00a0das 8h \u00e0s 12h\u00a0\u00a0\u00a0 Telefones:+ 55 11 2063.1818+ 55 11 2063.2523 E-mail:\u00a0contato@saojosedoipiranga.com.br<\/p>\n","protected":false},"author":3,"featured_media":2617,"parent":0,"menu_order":0,"comment_status":"closed","ping_status":"closed","template":"","meta":{"_vp_format_video_url":"","_vp_image_focal_point":[],"footnotes":""},"class_list":["post-73","page","type-page","status-publish","has-post-thumbnail","hentry"],"_links":{"self":[{"href":"https:\/\/saojosedoipiranga.com.br\/new\/wp-json\/wp\/v2\/pages\/73","targetHints":{"allow":["GET"]}}],"collection":[{"href":"https:\/\/saojosedoipiranga.com.br\/new\/wp-json\/wp\/v2\/pages"}],"about":[{"href":"https:\/\/saojosedoipiranga.com.br\/new\/wp-json\/wp\/v2\/types\/page"}],"author":[{"embeddable":true,"href":"https:\/\/saojosedoipiranga.com.br\/new\/wp-json\/wp\/v2\/users\/3"}],"replies":[{"embeddable":true,"href":"https:\/\/saojosedoipiranga.com.br\/new\/wp-json\/wp\/v2\/comments?post=73"}],"version-history":[{"count":8,"href":"https:\/\/saojosedoipiranga.com.br\/new\/wp-json\/wp\/v2\/pages\/73\/revisions"}],"predecessor-version":[{"id":4911,"href":"https:\/\/saojosedoipiranga.com.br\/new\/wp-json\/wp\/v2\/pages\/73\/revisions\/4911"}],"wp:featuredmedia":[{"embeddable":true,"href":"https:\/\/saojosedoipiranga.com.br\/new\/wp-json\/wp\/v2\/media\/2617"}],"wp:attachment":[{"href":"https:\/\/saojosedoipiranga.com.br\/new\/wp-json\/wp\/v2\/media?parent=73"}],"curies":[{"name":"wp","href":"https:\/\/api.w.org\/{rel}","templated":true}]}}