{"id":62,"date":"2017-09-02T17:36:18","date_gmt":"2017-09-02T20:36:18","guid":{"rendered":"http:\/\/saojosedoipiranga.com.br\/site\/?page_id=62"},"modified":"2021-02-25T15:00:07","modified_gmt":"2021-02-25T18:00:07","slug":"o-padroeiro","status":"publish","type":"page","link":"https:\/\/saojosedoipiranga.com.br\/new\/a-paroquia\/o-padroeiro\/","title":{"rendered":"O Padroeiro"},"content":{"rendered":"\n<h2 class=\"wp-block-heading\">S\u00e3o Jos\u00e9<\/h2>\n\n\n\n<hr class=\"wp-block-separator\"\/>\n\n\n\n<div align=\"justify\"><p>S\u00e3o Jos\u00e9, foi o escolhido pelo nosso Pai para ser o guarda fiel e providente dos seus dois maiores tesouros: O <strong>Filho de Deus<\/strong> e a <strong>Virgem Maria<\/strong>. Um papel t\u00e3o importante e temos toda convic\u00e7\u00e3o que ele cumpriu com a m\u00e1xima fidelidade esta miss\u00e3o. Foi carpinteiro na Galil\u00e9ia, modelo de pai e esposo, protetor da Sagrada Fam\u00edlia, S\u00e3o Jos\u00e9 foi escolhido por Deus para ser o patrono de toda a Igreja de Cristo.<\/p><\/div>\n\n\n\n<p>Seu nome, em hebraico, significa&nbsp;<em>\u201cDeus cumula de bens\u201d.<\/em><\/p>\n\n\n\n<p><div align=\"justify\"><p>No Evangelho de S\u00e3o Mateus vemos como foi dram\u00e1tico para esse grande homem de Deus acolher, misteriosa, d\u00f3cil e obedientemente, a mais suprema das escolhas: ser pai adotivo de Nosso Senhor Jesus Cristo, o Messias, o Salvador do mundo.<\/p><\/div><\/p>\n\n\n\n<p><em>\u201cQuando acordou, Jos\u00e9 fez conforme o anjo do Senhor tinha mandado e acolheu sua esposa\u201d&nbsp;<\/em>(Mt 1,24).<\/p>\n\n\n\n<p><div align=\"justify\"><p>O Verbo Divino quis viver em fam\u00edlia. Hoje, deparamos com o testemunho de Jos\u00e9, \u201cDeus cumula de bens\u201d; mas, para que este bem maior penetrasse na sua vida e hist\u00f3ria, ele precisou renunciar a si mesmo e, na f\u00e9, obedecer a Deus acolhendo a Virgem Maria.<\/p><\/div><\/p>\n\n\n\n<p>Da mesma forma, hoje S\u00e3o Jos\u00e9 acolhe a Igreja, da qual \u00e9 o patrono. E \u00e9 grande intercessor de todos n\u00f3s.<\/p>\n\n\n\n<p>Que assim como ele, possamos ser d\u00f3ceis \u00e0 Palavra e \u00e0 vontade do Senhor.<\/p>\n\n\n\n<p><strong>S\u00e3o Jos\u00e9, rogai por n\u00f3s!<\/strong><\/p>\n\n\n\n<p><\/p>\n\n\n\n<p><\/p>\n\n\n\n<h2 class=\"wp-block-heading\">Ora\u00e7\u00e3o a S\u00e3o Jos\u00e9<\/h2>\n\n\n\n<p><div align=\"justify\"><p><em>\u00d3 glorioso S\u00e3o Jos\u00e9, digno de ser amado, invocado e venerado com especialidade entre todos os santos, pelo primor de vossas virtudes, emin\u00eancia de vossa gl\u00f3ria e poder de vossa intercess\u00e3o, perante a Sant\u00edssima Trindade, perante Jesus Vosso Filho adotivo, e perante Maria, Vossa Sant\u00edssima Esposa, minha M\u00e3e tern\u00edssima, tomo-vos hoje por meu advogado junto de ambos, por meu protetor e pai, proponho firmemente nunca esquecer-me de V\u00f3s, honrar-Vos todos os dias que Deus me conceder e, fazer quanto em mim estiver para inspirar vossa devo\u00e7\u00e3o aos que est\u00e3o sob o meu encargo.<\/em><br><br><em>Dignai-vos v\u00f4-lo pe\u00e7o \u00f3 pai do meu cora\u00e7\u00e3o, conceder-me a vossa especial prote\u00e7\u00e3o e admitir-me entre os vossos mais fervorosos servos. Em todas as minhas a\u00e7\u00f5es assisti-me, junto de Jesus e Maria favorecei-me, e na hora da morte n\u00e3o me falteis, por piedade.<\/em><br><br><em>Am\u00e9m.<\/em><\/p><\/div><\/p>\n\n\n\n<p><em>Fonte: Can\u00e7\u00e3o Nova<\/em><\/p>\n\n    <div class=\"xs_social_share_widget xs_share_url after_content \t\tmain_content  wslu-style-1 wslu-share-box-shaped wslu-fill-colored wslu-none wslu-share-horizontal wslu-theme-font-no wslu-main_content\">\n\n\t\t\n        <ul>\n\t\t\t        <\/ul>\n    <\/div> \n","protected":false},"excerpt":{"rendered":"<p>S\u00e3o Jos\u00e9 S\u00e3o Jos\u00e9, foi o escolhido pelo nosso Pai para ser o guarda fiel e providente dos seus dois maiores tesouros: O Filho de Deus e a Virgem Maria.&hellip; <br \/> <a class=\"read-more\" href=\"https:\/\/saojosedoipiranga.com.br\/new\/a-paroquia\/o-padroeiro\/\">Leia mais<\/a><\/p>\n","protected":false},"author":3,"featured_media":2609,"parent":58,"menu_order":0,"comment_status":"closed","ping_status":"closed","template":"","meta":{"_vp_format_video_url":"","_vp_image_focal_point":[],"footnotes":""},"class_list":["post-62","page","type-page","status-publish","has-post-thumbnail","hentry"],"_links":{"self":[{"href":"https:\/\/saojosedoipiranga.com.br\/new\/wp-json\/wp\/v2\/pages\/62","targetHints":{"allow":["GET"]}}],"collection":[{"href":"https:\/\/saojosedoipiranga.com.br\/new\/wp-json\/wp\/v2\/pages"}],"about":[{"href":"https:\/\/saojosedoipiranga.com.br\/new\/wp-json\/wp\/v2\/types\/page"}],"author":[{"embeddable":true,"href":"https:\/\/saojosedoipiranga.com.br\/new\/wp-json\/wp\/v2\/users\/3"}],"replies":[{"embeddable":true,"href":"https:\/\/saojosedoipiranga.com.br\/new\/wp-json\/wp\/v2\/comments?post=62"}],"version-history":[{"count":13,"href":"https:\/\/saojosedoipiranga.com.br\/new\/wp-json\/wp\/v2\/pages\/62\/revisions"}],"predecessor-version":[{"id":3870,"href":"https:\/\/saojosedoipiranga.com.br\/new\/wp-json\/wp\/v2\/pages\/62\/revisions\/3870"}],"up":[{"embeddable":true,"href":"https:\/\/saojosedoipiranga.com.br\/new\/wp-json\/wp\/v2\/pages\/58"}],"wp:featuredmedia":[{"embeddable":true,"href":"https:\/\/saojosedoipiranga.com.br\/new\/wp-json\/wp\/v2\/media\/2609"}],"wp:attachment":[{"href":"https:\/\/saojosedoipiranga.com.br\/new\/wp-json\/wp\/v2\/media?parent=62"}],"curies":[{"name":"wp","href":"https:\/\/api.w.org\/{rel}","templated":true}]}}

<h2 class="wp-block-heading">São José</h2>



<hr class="wp-block-separator"/>



<div align="justify"><p>São José, foi o escolhido pelo nosso Pai para ser o guarda fiel e providente dos seus dois maiores tesouros: O <strong>Filho de Deus</strong> e a <strong>Virgem Maria</strong>. Um papel tão importante e temos toda convicção que ele cumpriu com a máxima fidelidade esta missão. Foi carpinteiro na Galiléia, modelo de pai e esposo, protetor da Sagrada Família, São José foi escolhido por Deus para ser o patrono de toda a Igreja de Cristo.</p></div>



<p>Seu nome, em hebraico, significa&nbsp;<em>“Deus cumula de bens”.</em></p>



<p><div align="justify"><p>No Evangelho de São Mateus vemos como foi dramático para esse grande homem de Deus acolher, misteriosa, dócil e obedientemente, a mais suprema das escolhas: ser pai adotivo de Nosso Senhor Jesus Cristo, o Messias, o Salvador do mundo.</p></div></p>



<p><em>“Quando acordou, José fez conforme o anjo do Senhor tinha mandado e acolheu sua esposa”&nbsp;</em>(Mt 1,24).</p>



<p><div align="justify"><p>O Verbo Divino quis viver em família. Hoje, deparamos com o testemunho de José, “Deus cumula de bens”; mas, para que este bem maior penetrasse na sua vida e história, ele precisou renunciar a si mesmo e, na fé, obedecer a Deus acolhendo a Virgem Maria.</p></div></p>



<p>Da mesma forma, hoje São José acolhe a Igreja, da qual é o patrono. E é grande intercessor de todos nós.</p>



<p>Que assim como ele, possamos ser dóceis à Palavra e à vontade do Senhor.</p>



<p><strong>São José, rogai por nós!</strong></p>



<p></p>



<p></p>



<h2 class="wp-block-heading">Oração a São José</h2>



<p><div align="justify"><p><em>Ó glorioso São José, digno de ser amado, invocado e venerado com especialidade entre todos os santos, pelo primor de vossas virtudes, eminência de vossa glória e poder de vossa intercessão, perante a Santíssima Trindade, perante Jesus Vosso Filho adotivo, e perante Maria, Vossa Santíssima Esposa, minha Mãe terníssima, tomo-vos hoje por meu advogado junto de ambos, por meu protetor e pai, proponho firmemente nunca esquecer-me de Vós, honrar-Vos todos os dias que Deus me conceder e, fazer quanto em mim estiver para inspirar vossa devoção aos que estão sob o meu encargo.</em><br><br><em>Dignai-vos vô-lo peço ó pai do meu coração, conceder-me a vossa especial proteção e admitir-me entre os vossos mais fervorosos servos. Em todas as minhas ações assisti-me, junto de Jesus e Maria favorecei-me, e na hora da morte não me falteis, por piedade.</em><br><br><em>Amém.</em></p></div></p>



<p><em>Fonte: Canção Nova</em></p>

    <div class="xs_social_share_widget xs_share_url after_content 		main_content  wslu-style-1 wslu-share-box-shaped wslu-fill-colored wslu-none wslu-share-horizontal wslu-theme-font-no wslu-main_content">

		
        <ul>
			        </ul>
    </div>

<p>São José São José, foi o escolhido pelo nosso Pai para ser o guarda fiel e providente dos seus dois maiores tesouros: O Filho de Deus e a Virgem Maria.&hellip; <br /> <a class="read-more" href="https://saojosedoipiranga.com.br/new/a-paroquia/o-padroeiro/">Leia mais</a></p>
