{"id":60,"date":"2017-09-02T17:35:44","date_gmt":"2017-09-02T20:35:44","guid":{"rendered":"http:\/\/saojosedoipiranga.com.br\/site\/?page_id=60"},"modified":"2023-05-04T22:36:06","modified_gmt":"2023-05-05T01:36:06","slug":"o-clero","status":"publish","type":"page","link":"https:\/\/saojosedoipiranga.com.br\/new\/a-paroquia\/o-clero\/","title":{"rendered":"O Clero"},"content":{"rendered":"\n<h2 class=\"wp-block-heading\">Congrega\u00e7\u00e3o dos Religiosos de Nossa Senhora de Sion<\/h2>\n\n\n\n<hr class=\"wp-block-separator\"\/>\n\n\n<div align=\"justify\">\n<p>\u201cSion\u201d \u00e9 uma congrega\u00e7\u00e3o religiosa. Seu t\u00edtulo completo \u00e9 \u201cCongrega\u00e7\u00e3o dos Religiosos de Nossa Senhora de Sion\u201d. Se voc\u00ea se interessa em conhecer mais pormenorizadamente a sua hist\u00f3ria, pode visitar o link \u201chist\u00f3ria\u201d. De forma geral, a Congrega\u00e7\u00e3o de hoje \u00e9 um est\u00e1gio de um processo que remonta a dois irm\u00e3os judeus: Theodoro e Afonso Ratisbonne, que viveram na Europa do s\u00e9culo XIX.<\/p>\n<p>A partir da convers\u00e3o de ambos \u00e0 f\u00e9 cat\u00f3lica \u2013 Theodoro adere ao Cristianismo ap\u00f3s longos anos de estudo; Afonso recebe a gra\u00e7a de uma vis\u00e3o de Nossa Senhora na igreja de Santo Andr\u00e9 delle Frate em Roma \u2013 v\u00e3o-se formando duas comunidades religiosas: a das irm\u00e3s e a dos irm\u00e3os de Sion. A comunidade das irm\u00e3s surge primeiro e tem um grande desenvolvimento, estando hoje presente no mundo inteiro. Com o tempo, o ramo masculino de Sion tamb\u00e9m foi se desenvolvendo e chegou at\u00e9 os dias de hoje.<\/p>\n<p>Atualmente, os Religiosos de Sion est\u00e3o em Paris, onde funciona uma casa de forma\u00e7\u00e3o para estudantes, em Jerusal\u00e9m, onde tamb\u00e9m h\u00e1 membros consagrados em forma\u00e7\u00e3o para a vida religiosa, al\u00e9m de religiosos que trabalham na apresenta\u00e7\u00e3o da cultura judaica aos crist\u00e3os.<\/p>\n<p>Nossa presen\u00e7a mais forte, por\u00e9m, est\u00e1 no Brasil, onde temos tr\u00eas casas religiosas dedicadas \u00e0 forma\u00e7\u00e3o de seu membros: uma em S\u00e3o Paulo, uma em Mogi das Cruzes e uma em Castro, no Paran\u00e1 e no Rio de Janeiro. O trabalho apost\u00f3lico engloba v\u00e1rias par\u00f3quias, em Minas Gerais, em S\u00e3o Paulo, Rio de Janeiro e no Paran\u00e1 (ver link Par\u00f3quias). Al\u00e9m, disso, a Congrega\u00e7\u00e3o mant\u00e9m dois col\u00e9gios (ver link Col\u00e9gios) e um centro de p\u00f3s-gradua\u00e7\u00e3o (ver link p\u00f3s-gradua\u00e7\u00e3o).<\/p>\n<p><strong>Acesse o site\u00a0<\/strong><a href=\"http:\/\/sion.org.br\/\" target=\"_blank\" rel=\"noopener noreferrer\"><strong>www.sion.org.br<\/strong><\/a><\/p>\n<p>A Convers\u00e3o de <strong>Afonso Ratisbonne<\/strong>,\u00a0<strong><a href=\"https:\/\/www.ofielcatolico.com.br\/2001\/03\/o-impressionante-caso-da-conversao-de.html\" target=\"_blank\" rel=\"noopener noreferrer\">clique aqui<\/a><\/strong>\u00a0e conhe\u00e7a a hist\u00f3ria do fundador da Congrega\u00e7\u00e3o dos Religiosos de Nossa Senhora de Sion.<\/p>\n<p>\u00a0<\/p>\n<\/div>\n\n\n<h1 class=\"has-text-align-center wp-block-heading\" style=\"font-style:normal;font-weight:400\"><mark style=\"background-color:rgba(0, 0, 0, 0)\" class=\"has-inline-color has-cyan-bluish-gray-color\">Nosso Clero<\/mark><\/h1>\n\n\n\n<div class=\"wp-block-columns is-layout-flex wp-container-core-columns-is-layout-9d6595d7 wp-block-columns-is-layout-flex\">\n<div class=\"wp-block-column is-layout-flow wp-block-column-is-layout-flow\">\n<div class=\"wp-block-image\"><figure class=\"aligncenter size-full\"><img fetchpriority=\"high\" decoding=\"async\" width=\"605\" height=\"560\" src=\"https:\/\/saojosedoipiranga.com.br\/new\/wp-content\/uploads\/2023\/05\/WhatsApp-Image-2023-05-04-at-22.31.20.jpeg\" alt=\"\" class=\"wp-image-5781\" srcset=\"https:\/\/saojosedoipiranga.com.br\/new\/wp-content\/uploads\/2023\/05\/WhatsApp-Image-2023-05-04-at-22.31.20.jpeg 605w, https:\/\/saojosedoipiranga.com.br\/new\/wp-content\/uploads\/2023\/05\/WhatsApp-Image-2023-05-04-at-22.31.20-300x278.jpeg 300w, https:\/\/saojosedoipiranga.com.br\/new\/wp-content\/uploads\/2023\/05\/WhatsApp-Image-2023-05-04-at-22.31.20-500x463.jpeg 500w\" sizes=\"(max-width: 605px) 100vw, 605px\" \/><figcaption>P\u00e1roco | Pe. Gilmar Souza da Silva, nds<\/figcaption><\/figure><\/div>\n<\/div>\n\n\n\n<div class=\"wp-block-column is-layout-flow wp-block-column-is-layout-flow\">\n<div class=\"wp-block-image\"><figure class=\"aligncenter size-large is-resized\"><img decoding=\"async\" src=\"https:\/\/saojosedoipiranga.com.br\/new\/wp-content\/uploads\/2023\/05\/IMG_20211004_122046_edited_edited-1-1024x769.jpeg\" alt=\"\" class=\"wp-image-5774\" width=\"498\" height=\"373\" srcset=\"https:\/\/saojosedoipiranga.com.br\/new\/wp-content\/uploads\/2023\/05\/IMG_20211004_122046_edited_edited-1-1024x769.jpeg 1024w, https:\/\/saojosedoipiranga.com.br\/new\/wp-content\/uploads\/2023\/05\/IMG_20211004_122046_edited_edited-1-300x225.jpeg 300w, https:\/\/saojosedoipiranga.com.br\/new\/wp-content\/uploads\/2023\/05\/IMG_20211004_122046_edited_edited-1-768x577.jpeg 768w, https:\/\/saojosedoipiranga.com.br\/new\/wp-content\/uploads\/2023\/05\/IMG_20211004_122046_edited_edited-1-1536x1153.jpeg 1536w, https:\/\/saojosedoipiranga.com.br\/new\/wp-content\/uploads\/2023\/05\/IMG_20211004_122046_edited_edited-1-2048x1538.jpeg 2048w, https:\/\/saojosedoipiranga.com.br\/new\/wp-content\/uploads\/2023\/05\/IMG_20211004_122046_edited_edited-1-500x375.jpeg 500w, https:\/\/saojosedoipiranga.com.br\/new\/wp-content\/uploads\/2023\/05\/IMG_20211004_122046_edited_edited-1-800x601.jpeg 800w, https:\/\/saojosedoipiranga.com.br\/new\/wp-content\/uploads\/2023\/05\/IMG_20211004_122046_edited_edited-1-1280x961.jpeg 1280w, https:\/\/saojosedoipiranga.com.br\/new\/wp-content\/uploads\/2023\/05\/IMG_20211004_122046_edited_edited-1-1920x1442.jpeg 1920w, https:\/\/saojosedoipiranga.com.br\/new\/wp-content\/uploads\/2023\/05\/IMG_20211004_122046_edited_edited-1-1438x1080.jpeg 1438w\" sizes=\"(max-width: 498px) 100vw, 498px\" \/><figcaption>Vig\u00e1rio | Pe. Oberdan Santana da Silva, nds<\/figcaption><\/figure><\/div>\n<\/div>\n<\/div>\n\n\n\n<p><\/p>\n\n    <div class=\"xs_social_share_widget xs_share_url after_content \t\tmain_content  wslu-style-1 wslu-share-box-shaped wslu-fill-colored wslu-none wslu-share-horizontal wslu-theme-font-no wslu-main_content\">\n\n\t\t\n        <ul>\n\t\t\t        <\/ul>\n    <\/div> \n","protected":false},"excerpt":{"rendered":"<p>Congrega\u00e7\u00e3o dos Religiosos de Nossa Senhora de Sion \u201cSion\u201d \u00e9 uma congrega\u00e7\u00e3o religiosa. Seu t\u00edtulo completo \u00e9 \u201cCongrega\u00e7\u00e3o dos Religiosos de Nossa Senhora de Sion\u201d. Se voc\u00ea se interessa em&hellip; <br \/> <a class=\"read-more\" href=\"https:\/\/saojosedoipiranga.com.br\/new\/a-paroquia\/o-clero\/\">Leia mais<\/a><\/p>\n","protected":false},"author":3,"featured_media":2618,"parent":58,"menu_order":0,"comment_status":"closed","ping_status":"closed","template":"page-templates\/sidebar-page.php","meta":{"_vp_format_video_url":"","_vp_image_focal_point":[],"footnotes":""},"class_list":["post-60","page","type-page","status-publish","has-post-thumbnail","hentry"],"_links":{"self":[{"href":"https:\/\/saojosedoipiranga.com.br\/new\/wp-json\/wp\/v2\/pages\/60","targetHints":{"allow":["GET"]}}],"collection":[{"href":"https:\/\/saojosedoipiranga.com.br\/new\/wp-json\/wp\/v2\/pages"}],"about":[{"href":"https:\/\/saojosedoipiranga.com.br\/new\/wp-json\/wp\/v2\/types\/page"}],"author":[{"embeddable":true,"href":"https:\/\/saojosedoipiranga.com.br\/new\/wp-json\/wp\/v2\/users\/3"}],"replies":[{"embeddable":true,"href":"https:\/\/saojosedoipiranga.com.br\/new\/wp-json\/wp\/v2\/comments?post=60"}],"version-history":[{"count":27,"href":"https:\/\/saojosedoipiranga.com.br\/new\/wp-json\/wp\/v2\/pages\/60\/revisions"}],"predecessor-version":[{"id":5783,"href":"https:\/\/saojosedoipiranga.com.br\/new\/wp-json\/wp\/v2\/pages\/60\/revisions\/5783"}],"up":[{"embeddable":true,"href":"https:\/\/saojosedoipiranga.com.br\/new\/wp-json\/wp\/v2\/pages\/58"}],"wp:featuredmedia":[{"embeddable":true,"href":"https:\/\/saojosedoipiranga.com.br\/new\/wp-json\/wp\/v2\/media\/2618"}],"wp:attachment":[{"href":"https:\/\/saojosedoipiranga.com.br\/new\/wp-json\/wp\/v2\/media?parent=60"}],"curies":[{"name":"wp","href":"https:\/\/api.w.org\/{rel}","templated":true}]}}

<h2 class="wp-block-heading">Congregação dos Religiosos de Nossa Senhora de Sion</h2>



<hr class="wp-block-separator"/>


<div align="justify">
<p>“Sion” é uma congregação religiosa. Seu título completo é “Congregação dos Religiosos de Nossa Senhora de Sion”. Se você se interessa em conhecer mais pormenorizadamente a sua história, pode visitar o link “história”. De forma geral, a Congregação de hoje é um estágio de um processo que remonta a dois irmãos judeus: Theodoro e Afonso Ratisbonne, que viveram na Europa do século XIX.</p>
<p>A partir da conversão de ambos à fé católica – Theodoro adere ao Cristianismo após longos anos de estudo; Afonso recebe a graça de uma visão de Nossa Senhora na igreja de Santo André delle Frate em Roma – vão-se formando duas comunidades religiosas: a das irmãs e a dos irmãos de Sion. A comunidade das irmãs surge primeiro e tem um grande desenvolvimento, estando hoje presente no mundo inteiro. Com o tempo, o ramo masculino de Sion também foi se desenvolvendo e chegou até os dias de hoje.</p>
<p>Atualmente, os Religiosos de Sion estão em Paris, onde funciona uma casa de formação para estudantes, em Jerusalém, onde também há membros consagrados em formação para a vida religiosa, além de religiosos que trabalham na apresentação da cultura judaica aos cristãos.</p>
<p>Nossa presença mais forte, porém, está no Brasil, onde temos três casas religiosas dedicadas à formação de seu membros: uma em São Paulo, uma em Mogi das Cruzes e uma em Castro, no Paraná e no Rio de Janeiro. O trabalho apostólico engloba várias paróquias, em Minas Gerais, em São Paulo, Rio de Janeiro e no Paraná (ver link Paróquias). Além, disso, a Congregação mantém dois colégios (ver link Colégios) e um centro de pós-graduação (ver link pós-graduação).</p>
<p><strong>Acesse o site </strong><a href="http://sion.org.br/" target="_blank" rel="noopener noreferrer"><strong>www.sion.org.br</strong></a></p>
<p>A Conversão de <strong>Afonso Ratisbonne</strong>, <strong><a href="https://www.ofielcatolico.com.br/2001/03/o-impressionante-caso-da-conversao-de.html" target="_blank" rel="noopener noreferrer">clique aqui</a></strong> e conheça a história do fundador da Congregação dos Religiosos de Nossa Senhora de Sion.</p>
<p> </p>
</div>


<h1 class="has-text-align-center wp-block-heading" style="font-style:normal;font-weight:400"><mark style="background-color:rgba(0, 0, 0, 0)" class="has-inline-color has-cyan-bluish-gray-color">Nosso Clero</mark></h1>



<div class="wp-block-columns is-layout-flex wp-container-core-columns-is-layout-9d6595d7 wp-block-columns-is-layout-flex">
<div class="wp-block-column is-layout-flow wp-block-column-is-layout-flow">
<div class="wp-block-image"><figure class="aligncenter size-full"><img fetchpriority="high" decoding="async" width="605" height="560" src="https://saojosedoipiranga.com.br/new/wp-content/uploads/2023/05/WhatsApp-Image-2023-05-04-at-22.31.20.jpeg" alt="" class="wp-image-5781" srcset="https://saojosedoipiranga.com.br/new/wp-content/uploads/2023/05/WhatsApp-Image-2023-05-04-at-22.31.20.jpeg 605w, https://saojosedoipiranga.com.br/new/wp-content/uploads/2023/05/WhatsApp-Image-2023-05-04-at-22.31.20-300x278.jpeg 300w, https://saojosedoipiranga.com.br/new/wp-content/uploads/2023/05/WhatsApp-Image-2023-05-04-at-22.31.20-500x463.jpeg 500w" sizes="(max-width: 605px) 100vw, 605px" /><figcaption>Pároco | Pe. Gilmar Souza da Silva, nds</figcaption></figure></div>
</div>



<div class="wp-block-column is-layout-flow wp-block-column-is-layout-flow">
<div class="wp-block-image"><figure class="aligncenter size-large is-resized"><img decoding="async" src="https://saojosedoipiranga.com.br/new/wp-content/uploads/2023/05/IMG_20211004_122046_edited_edited-1-1024x769.jpeg" alt="" class="wp-image-5774" width="498" height="373" srcset="https://saojosedoipiranga.com.br/new/wp-content/uploads/2023/05/IMG_20211004_122046_edited_edited-1-1024x769.jpeg 1024w, https://saojosedoipiranga.com.br/new/wp-content/uploads/2023/05/IMG_20211004_122046_edited_edited-1-300x225.jpeg 300w, https://saojosedoipiranga.com.br/new/wp-content/uploads/2023/05/IMG_20211004_122046_edited_edited-1-768x577.jpeg 768w, https://saojosedoipiranga.com.br/new/wp-content/uploads/2023/05/IMG_20211004_122046_edited_edited-1-1536x1153.jpeg 1536w, https://saojosedoipiranga.com.br/new/wp-content/uploads/2023/05/IMG_20211004_122046_edited_edited-1-2048x1538.jpeg 2048w, https://saojosedoipiranga.com.br/new/wp-content/uploads/2023/05/IMG_20211004_122046_edited_edited-1-500x375.jpeg 500w, https://saojosedoipiranga.com.br/new/wp-content/uploads/2023/05/IMG_20211004_122046_edited_edited-1-800x601.jpeg 800w, https://saojosedoipiranga.com.br/new/wp-content/uploads/2023/05/IMG_20211004_122046_edited_edited-1-1280x961.jpeg 1280w, https://saojosedoipiranga.com.br/new/wp-content/uploads/2023/05/IMG_20211004_122046_edited_edited-1-1920x1442.jpeg 1920w, https://saojosedoipiranga.com.br/new/wp-content/uploads/2023/05/IMG_20211004_122046_edited_edited-1-1438x1080.jpeg 1438w" sizes="(max-width: 498px) 100vw, 498px" /><figcaption>Vigário | Pe. Oberdan Santana da Silva, nds</figcaption></figure></div>
</div>
</div>



<p></p>

    <div class="xs_social_share_widget xs_share_url after_content 		main_content  wslu-style-1 wslu-share-box-shaped wslu-fill-colored wslu-none wslu-share-horizontal wslu-theme-font-no wslu-main_content">

		
        <ul>
			        </ul>
    </div>

<p>Congregação dos Religiosos de Nossa Senhora de Sion “Sion” é uma congregação religiosa. Seu título completo é “Congregação dos Religiosos de Nossa Senhora de Sion”. Se você se interessa em&hellip; <br /> <a class="read-more" href="https://saojosedoipiranga.com.br/new/a-paroquia/o-clero/">Leia mais</a></p>
