{"id":332,"date":"2017-09-26T14:32:07","date_gmt":"2017-09-26T17:32:07","guid":{"rendered":"http:\/\/saojosedoipiranga.com.br\/site\/?page_id=332"},"modified":"2022-09-20T14:22:32","modified_gmt":"2022-09-20T17:22:32","slug":"social","status":"publish","type":"page","link":"https:\/\/saojosedoipiranga.com.br\/new\/pastorais\/social\/","title":{"rendered":"Social"},"content":{"rendered":"\n<h2 class=\"wp-block-heading\">Pastoral Social<\/h2>\n\n\n\n<hr class=\"wp-block-separator\"\/>\n\n\n<p style=\"text-align: justify;\">A Pastoral Social da Igreja S\u00e3o Jos\u00e9 do Ipiranga tem por objetivo juntamente com a comunidade a miss\u00e3o de ajudar os necessitados de nossa comunidade, levando assim um al\u00edvio maior com aqueles que sofrem com dificuldade de alimentos.<\/p>\n<p style=\"text-align: justify;\">Todo 1\u00ba Domingo de cada m\u00eas fazemos as campanhas em todas as missas enfatizando os fi\u00e9is a import\u00e2ncia dos alimentos e no segundo domingo \u00e9 recolhido os alimentos na porta da Igreja em todas as missas.<\/p>\n<p style=\"text-align: justify;\">Esses alimentos s\u00e3o destinados para Assist\u00eancia Social, Recanto Vida Nova, Casa de Miseric\u00f3rdia, Asilo Nossa Senhora da Concei\u00e7\u00e3o e Semin\u00e1rios de Teologia e Filosofia. Quando come\u00e7amos esse trabalho em 2011, nossa arrecada\u00e7\u00e3o era de 250Kg e hoje recolhemos por m\u00eas entre 1500 a 1800 quilos de alimentos. Os coordenadores Maria Helena e Miguel e colaboradores Fani e Otilia, est\u00e1 grato com o crescimento da Pastoral Social e conta com sua ajuda, n\u00e3o h\u00e1 limite m\u00e1ximo e nem m\u00ednimo, qualquer doa\u00e7\u00e3o \u00e9 sempre bem-vinda.<\/p>\n<hr \/>\n<p>\u00a0<\/p>\n    <div class=\"xs_social_share_widget xs_share_url after_content \t\tmain_content  wslu-style-1 wslu-share-box-shaped wslu-fill-colored wslu-none wslu-share-horizontal wslu-theme-font-no wslu-main_content\">\n\n\t\t\n        <ul>\n\t\t\t        <\/ul>\n    <\/div> \n","protected":false},"excerpt":{"rendered":"<p>Pastoral Social A Pastoral Social da Igreja S\u00e3o Jos\u00e9 do Ipiranga tem por objetivo juntamente com a comunidade a miss\u00e3o de ajudar os necessitados de nossa comunidade, levando assim um&hellip; <br \/> <a class=\"read-more\" href=\"https:\/\/saojosedoipiranga.com.br\/new\/pastorais\/social\/\">Leia mais<\/a><\/p>\n","protected":false},"author":3,"featured_media":2600,"parent":64,"menu_order":0,"comment_status":"closed","ping_status":"closed","template":"page-templates\/sidebar-page.php","meta":{"_vp_format_video_url":"","_vp_image_focal_point":[],"footnotes":""},"class_list":["post-332","page","type-page","status-publish","has-post-thumbnail","hentry"],"_links":{"self":[{"href":"https:\/\/saojosedoipiranga.com.br\/new\/wp-json\/wp\/v2\/pages\/332","targetHints":{"allow":["GET"]}}],"collection":[{"href":"https:\/\/saojosedoipiranga.com.br\/new\/wp-json\/wp\/v2\/pages"}],"about":[{"href":"https:\/\/saojosedoipiranga.com.br\/new\/wp-json\/wp\/v2\/types\/page"}],"author":[{"embeddable":true,"href":"https:\/\/saojosedoipiranga.com.br\/new\/wp-json\/wp\/v2\/users\/3"}],"replies":[{"embeddable":true,"href":"https:\/\/saojosedoipiranga.com.br\/new\/wp-json\/wp\/v2\/comments?post=332"}],"version-history":[{"count":6,"href":"https:\/\/saojosedoipiranga.com.br\/new\/wp-json\/wp\/v2\/pages\/332\/revisions"}],"predecessor-version":[{"id":5159,"href":"https:\/\/saojosedoipiranga.com.br\/new\/wp-json\/wp\/v2\/pages\/332\/revisions\/5159"}],"up":[{"embeddable":true,"href":"https:\/\/saojosedoipiranga.com.br\/new\/wp-json\/wp\/v2\/pages\/64"}],"wp:featuredmedia":[{"embeddable":true,"href":"https:\/\/saojosedoipiranga.com.br\/new\/wp-json\/wp\/v2\/media\/2600"}],"wp:attachment":[{"href":"https:\/\/saojosedoipiranga.com.br\/new\/wp-json\/wp\/v2\/media?parent=332"}],"curies":[{"name":"wp","href":"https:\/\/api.w.org\/{rel}","templated":true}]}}

<h2 class="wp-block-heading">Pastoral Social</h2>



<hr class="wp-block-separator"/>


<p style="text-align: justify;">A Pastoral Social da Igreja São José do Ipiranga tem por objetivo juntamente com a comunidade a missão de ajudar os necessitados de nossa comunidade, levando assim um alívio maior com aqueles que sofrem com dificuldade de alimentos.</p>
<p style="text-align: justify;">Todo 1º Domingo de cada mês fazemos as campanhas em todas as missas enfatizando os fiéis a importância dos alimentos e no segundo domingo é recolhido os alimentos na porta da Igreja em todas as missas.</p>
<p style="text-align: justify;">Esses alimentos são destinados para Assistência Social, Recanto Vida Nova, Casa de Misericórdia, Asilo Nossa Senhora da Conceição e Seminários de Teologia e Filosofia. Quando começamos esse trabalho em 2011, nossa arrecadação era de 250Kg e hoje recolhemos por mês entre 1500 a 1800 quilos de alimentos. Os coordenadores Maria Helena e Miguel e colaboradores Fani e Otilia, está grato com o crescimento da Pastoral Social e conta com sua ajuda, não há limite máximo e nem mínimo, qualquer doação é sempre bem-vinda.</p>
<hr />
<p> </p>
    <div class="xs_social_share_widget xs_share_url after_content 		main_content  wslu-style-1 wslu-share-box-shaped wslu-fill-colored wslu-none wslu-share-horizontal wslu-theme-font-no wslu-main_content">

		
        <ul>
			        </ul>
    </div>

<p>Pastoral Social A Pastoral Social da Igreja São José do Ipiranga tem por objetivo juntamente com a comunidade a missão de ajudar os necessitados de nossa comunidade, levando assim um&hellip; <br /> <a class="read-more" href="https://saojosedoipiranga.com.br/new/pastorais/social/">Leia mais</a></p>
