{"id":319,"date":"2017-09-26T14:26:31","date_gmt":"2017-09-26T17:26:31","guid":{"rendered":"http:\/\/saojosedoipiranga.com.br\/site\/?page_id=319"},"modified":"2022-09-20T14:30:41","modified_gmt":"2022-09-20T17:30:41","slug":"misericordia","status":"publish","type":"page","link":"https:\/\/saojosedoipiranga.com.br\/new\/pastorais\/misericordia\/","title":{"rendered":"Miseric\u00f3rdia"},"content":{"rendered":"<p style=\"text-align: left;\" align=\"center\"><strong><img decoding=\"async\" class=\"size-full wp-image-320 alignleft\" src=\"http:\/\/saojosedoipiranga.com.br\/site\/wp-content\/uploads\/2017\/09\/img_pastoralmisericordia01.jpg\" alt=\"\" width=\"167\" height=\"250\" \/>Ano Santo da Miseric\u00f3rdia<\/strong><br \/>\nDurante a celebra\u00e7\u00e3o da penit\u00eancia, na Bas\u00edlica de S\u00e3o Pedro, no Vaticano, Papa Francisco declarou: \u201cPensei muitas vezes no modo como a Igreja pode tornar mais evidente a sua miss\u00e3o de ser testemunha da miseric\u00f3rdia. \u00c9 um caminho que come\u00e7a com uma convers\u00e3o espiritual; e devemos fazer este caminho. Por isso, decidi proclamar um Jubileu Extraordin\u00e1rio que tenha no seu centro a miseric\u00f3rdia de Deus. Ser\u00e1 um Ano Santo da Miseric\u00f3rdia.\u201d<br \/>\n\u201cSede misericordiosos como o Pai\u201d ser\u00e1 o lema do Jubileu Extraordin\u00e1rio, vers\u00edculo retirado do Evangelho de S\u00e3o Lucas. A iniciativa convida os fi\u00e9is do mundo inteiro a celebrarem o sacramento da Reconcilia\u00e7\u00e3o.<\/p>\n<p style=\"text-align: left;\">Ao receber da Pastoral da Comunica\u00e7\u00e3o da Par\u00f3quia S\u00e3o Jos\u00e9 a incumb\u00eancia de escrever um artigo sobre a Miseric\u00f3rdia de Deus (celebrada pela Igreja no 1\u00ba domingo ap\u00f3s a P\u00e1scoa), senti meu cora\u00e7\u00e3o pular de alegria e me apliquei na tarefa. Por\u00e9m, em pouco tempo, fui t\u00e3o profundamente mergulhada em minhas mis\u00e9rias e incapacidades que cheguei a pensar que seria mesmo imposs\u00edvel, pois nada que eu pudesse escrever poderia ser fiel \u00e0 grandeza do tema.<\/p>\n<p style=\"text-align: left;\">Entre os descontentamentos com meus escritos, no dia 13 de mar\u00e7o, recebi maravilhada a not\u00edcia de que o Papa Francisco anunciara o Ano Santo da Miseric\u00f3rdia &#8211; 2015\/2016.<br \/>\nO que poderia dizer mais, ap\u00f3s as palavras do Santo Papa? Agora sim, meus textos encontravam-se completamente obsoletos. Ent\u00e3o pude vivenciar um milagre transformador em meu cora\u00e7\u00e3o; senti minhas for\u00e7as renovadas e um amor apaixonado me impelindo a ser Igreja, a ser voz que anuncia, apesar de minhas incapacidades e mis\u00e9rias, pois tenho Deus por mim. Os questionamentos que vinham sabotando minha f\u00e9, sobre para onde estamos levando o povo, que rumo concreto podemos apontar aos que ainda est\u00e3o na completa ignor\u00e2ncia e aos que se encontram em descaminhos, mesmo dentro da Igreja? Como podemos tra\u00e7ar di\u00e1logos amorosos em momentos em que as diferen\u00e7as e discord\u00e2ncias de ideias, que deveriam levar ao crescimento, s\u00e3o encaradas como ofensas pessoais e separam as pessoas? Como podemos levar a miseric\u00f3rdia, emergidos em nossas pr\u00f3prias vontades particulares e ego\u00edstas? A Igreja est\u00e1 preparada para navegar em &#8220;mares t\u00e3o bravios&#8221; como os atuais?<\/p>\n<p style=\"text-align: left;\">Todos esses questionamentos foram transformados por meio de uma \u00fanica resposta: &#8220;Sede Misericordiosos como o Pai&#8221;. Essa \u00e9 a ordem e seremos nutridos nessa lida, por meio da fidelidade \u00e0s Sagradas Escrituras e \u00e0 Igreja. Porque a Igreja \u00e9 m\u00e3e. E m\u00e3e cresce e amadurece com os filhos, se compadece e lan\u00e7a um olhar de ternura a cada um, acolhe e educa sem perder a caracter\u00edstica essencial da verdade central e sabe conduzir a todos que se disp\u00f5e a ouvi-la questionar com amor e obedecer.<\/p>\n<p style=\"text-align: left;\">Os presentes questionamentos e dificuldades apenas refor\u00e7am a necessidade de estarmos constantemente voltados \u00e0 fonte \u00fanica e verdadeira, que n\u00e3o se deteriora com o tempo, nem segue moda de opini\u00f5es. A Vida, Morte e Ressurrei\u00e7\u00e3o de Nosso Senhor Jesus Cristo est\u00e1 dispon\u00edvel na Sant\u00edssima Eucaristia, gra\u00e7a suprema, presente nos sacr\u00e1rios do mundo inteiro. Voltemo-nos a Ele de todo cora\u00e7\u00e3o, via de ensinamento amoroso que nos remete \u00e0 esperan\u00e7a de que \u00e9 poss\u00edvel mesmo em nossas mis\u00e9rias &#8220;Sermos Misericordiosos como o Pai&#8221;.<\/p>\n<p style=\"text-align: right;\"><em>Pastoral da Miseric\u00f3rdia<br \/>\nAdora\u00e7\u00e3o, Louvor e An\u00fancio do Evangelho<br \/>\nPor\u00a0Madalena e Di\u00f3genes<\/em><\/p>\n<p style=\"text-align: left;\"><em><img fetchpriority=\"high\" decoding=\"async\" class=\"alignnone size-full wp-image-321\" src=\"http:\/\/saojosedoipiranga.com.br\/site\/wp-content\/uploads\/2017\/09\/img_pastoralmisericordia02.jpg\" alt=\"\" width=\"600\" height=\"226\" srcset=\"https:\/\/saojosedoipiranga.com.br\/new\/wp-content\/uploads\/2017\/09\/img_pastoralmisericordia02.jpg 600w, https:\/\/saojosedoipiranga.com.br\/new\/wp-content\/uploads\/2017\/09\/img_pastoralmisericordia02-300x113.jpg 300w\" sizes=\"(max-width: 600px) 100vw, 600px\" \/><\/em><\/p>\n<hr \/>\n\n    <div class=\"xs_social_share_widget xs_share_url after_content \t\tmain_content  wslu-style-1 wslu-share-box-shaped wslu-fill-colored wslu-none wslu-share-horizontal wslu-theme-font-no wslu-main_content\">\n\n\t\t\n        <ul>\n\t\t\t        <\/ul>\n    <\/div> \n","protected":false},"excerpt":{"rendered":"<p>Ano Santo da Miseric\u00f3rdia Durante a celebra\u00e7\u00e3o da penit\u00eancia, na Bas\u00edlica de S\u00e3o Pedro, no Vaticano, Papa Francisco declarou: \u201cPensei muitas vezes no modo como a Igreja pode tornar mais&hellip; <br \/> <a class=\"read-more\" href=\"https:\/\/saojosedoipiranga.com.br\/new\/pastorais\/misericordia\/\">Leia mais<\/a><\/p>\n","protected":false},"author":3,"featured_media":0,"parent":64,"menu_order":0,"comment_status":"closed","ping_status":"closed","template":"","meta":{"_vp_format_video_url":"","_vp_image_focal_point":[],"footnotes":""},"class_list":["post-319","page","type-page","status-publish","hentry"],"_links":{"self":[{"href":"https:\/\/saojosedoipiranga.com.br\/new\/wp-json\/wp\/v2\/pages\/319","targetHints":{"allow":["GET"]}}],"collection":[{"href":"https:\/\/saojosedoipiranga.com.br\/new\/wp-json\/wp\/v2\/pages"}],"about":[{"href":"https:\/\/saojosedoipiranga.com.br\/new\/wp-json\/wp\/v2\/types\/page"}],"author":[{"embeddable":true,"href":"https:\/\/saojosedoipiranga.com.br\/new\/wp-json\/wp\/v2\/users\/3"}],"replies":[{"embeddable":true,"href":"https:\/\/saojosedoipiranga.com.br\/new\/wp-json\/wp\/v2\/comments?post=319"}],"version-history":[{"count":1,"href":"https:\/\/saojosedoipiranga.com.br\/new\/wp-json\/wp\/v2\/pages\/319\/revisions"}],"predecessor-version":[{"id":5163,"href":"https:\/\/saojosedoipiranga.com.br\/new\/wp-json\/wp\/v2\/pages\/319\/revisions\/5163"}],"up":[{"embeddable":true,"href":"https:\/\/saojosedoipiranga.com.br\/new\/wp-json\/wp\/v2\/pages\/64"}],"wp:attachment":[{"href":"https:\/\/saojosedoipiranga.com.br\/new\/wp-json\/wp\/v2\/media?parent=319"}],"curies":[{"name":"wp","href":"https:\/\/api.w.org\/{rel}","templated":true}]}}

Misericórdia

<p style="text-align: left;" align="center"><strong><img decoding="async" class="size-full wp-image-320 alignleft" src="http://saojosedoipiranga.com.br/site/wp-content/uploads/2017/09/img_pastoralmisericordia01.jpg" alt="" width="167" height="250" />Ano Santo da Misericórdia</strong><br />
Durante a celebração da penitência, na Basílica de São Pedro, no Vaticano, Papa Francisco declarou: “Pensei muitas vezes no modo como a Igreja pode tornar mais evidente a sua missão de ser testemunha da misericórdia. É um caminho que começa com uma conversão espiritual; e devemos fazer este caminho. Por isso, decidi proclamar um Jubileu Extraordinário que tenha no seu centro a misericórdia de Deus. Será um Ano Santo da Misericórdia.”<br />
“Sede misericordiosos como o Pai” será o lema do Jubileu Extraordinário, versículo retirado do Evangelho de São Lucas. A iniciativa convida os fiéis do mundo inteiro a celebrarem o sacramento da Reconciliação.</p>
<p style="text-align: left;">Ao receber da Pastoral da Comunicação da Paróquia São José a incumbência de escrever um artigo sobre a Misericórdia de Deus (celebrada pela Igreja no 1º domingo após a Páscoa), senti meu coração pular de alegria e me apliquei na tarefa. Porém, em pouco tempo, fui tão profundamente mergulhada em minhas misérias e incapacidades que cheguei a pensar que seria mesmo impossível, pois nada que eu pudesse escrever poderia ser fiel à grandeza do tema.</p>
<p style="text-align: left;">Entre os descontentamentos com meus escritos, no dia 13 de março, recebi maravilhada a notícia de que o Papa Francisco anunciara o Ano Santo da Misericórdia &#8211; 2015/2016.<br />
O que poderia dizer mais, após as palavras do Santo Papa? Agora sim, meus textos encontravam-se completamente obsoletos. Então pude vivenciar um milagre transformador em meu coração; senti minhas forças renovadas e um amor apaixonado me impelindo a ser Igreja, a ser voz que anuncia, apesar de minhas incapacidades e misérias, pois tenho Deus por mim. Os questionamentos que vinham sabotando minha fé, sobre para onde estamos levando o povo, que rumo concreto podemos apontar aos que ainda estão na completa ignorância e aos que se encontram em descaminhos, mesmo dentro da Igreja? Como podemos traçar diálogos amorosos em momentos em que as diferenças e discordâncias de ideias, que deveriam levar ao crescimento, são encaradas como ofensas pessoais e separam as pessoas? Como podemos levar a misericórdia, emergidos em nossas próprias vontades particulares e egoístas? A Igreja está preparada para navegar em &#8220;mares tão bravios&#8221; como os atuais?</p>
<p style="text-align: left;">Todos esses questionamentos foram transformados por meio de uma única resposta: &#8220;Sede Misericordiosos como o Pai&#8221;. Essa é a ordem e seremos nutridos nessa lida, por meio da fidelidade às Sagradas Escrituras e à Igreja. Porque a Igreja é mãe. E mãe cresce e amadurece com os filhos, se compadece e lança um olhar de ternura a cada um, acolhe e educa sem perder a característica essencial da verdade central e sabe conduzir a todos que se dispõe a ouvi-la questionar com amor e obedecer.</p>
<p style="text-align: left;">Os presentes questionamentos e dificuldades apenas reforçam a necessidade de estarmos constantemente voltados à fonte única e verdadeira, que não se deteriora com o tempo, nem segue moda de opiniões. A Vida, Morte e Ressurreição de Nosso Senhor Jesus Cristo está disponível na Santíssima Eucaristia, graça suprema, presente nos sacrários do mundo inteiro. Voltemo-nos a Ele de todo coração, via de ensinamento amoroso que nos remete à esperança de que é possível mesmo em nossas misérias &#8220;Sermos Misericordiosos como o Pai&#8221;.</p>
<p style="text-align: right;"><em>Pastoral da Misericórdia<br />
Adoração, Louvor e Anúncio do Evangelho<br />
Por Madalena e Diógenes</em></p>
<p style="text-align: left;"><em><img fetchpriority="high" decoding="async" class="alignnone size-full wp-image-321" src="http://saojosedoipiranga.com.br/site/wp-content/uploads/2017/09/img_pastoralmisericordia02.jpg" alt="" width="600" height="226" srcset="https://saojosedoipiranga.com.br/new/wp-content/uploads/2017/09/img_pastoralmisericordia02.jpg 600w, https://saojosedoipiranga.com.br/new/wp-content/uploads/2017/09/img_pastoralmisericordia02-300x113.jpg 300w" sizes="(max-width: 600px) 100vw, 600px" /></em></p>
<hr />

    <div class="xs_social_share_widget xs_share_url after_content 		main_content  wslu-style-1 wslu-share-box-shaped wslu-fill-colored wslu-none wslu-share-horizontal wslu-theme-font-no wslu-main_content">

		
        <ul>
			        </ul>
    </div>

<p>Ano Santo da Misericórdia Durante a celebração da penitência, na Basílica de São Pedro, no Vaticano, Papa Francisco declarou: “Pensei muitas vezes no modo como a Igreja pode tornar mais&hellip; <br /> <a class="read-more" href="https://saojosedoipiranga.com.br/new/pastorais/misericordia/">Leia mais</a></p>
