{"id":305,"date":"2017-09-26T14:18:44","date_gmt":"2017-09-26T17:18:44","guid":{"rendered":"http:\/\/saojosedoipiranga.com.br\/site\/?page_id=305"},"modified":"2022-09-20T14:21:11","modified_gmt":"2022-09-20T17:21:11","slug":"mesc","status":"publish","type":"page","link":"https:\/\/saojosedoipiranga.com.br\/new\/pastorais\/mesc\/","title":{"rendered":"MESC"},"content":{"rendered":"\n<h2 class=\"wp-block-heading\">Minist\u00e9rio Extraordin\u00e1rio da Santa Comunh\u00e3o<\/h2>\n\n\n\n<hr class=\"wp-block-separator\"\/>\n\n\n<p style=\"text-align: justify;\">O MESC \u00a0nasceu da necessidade de apoio aos ministros ordin\u00e1rios (bispos, presb\u00edteros e di\u00e1conos) na miss\u00e3o t\u00e3o ampla de evangeliza\u00e7\u00e3o, como faziam as primeiras comunidades crist\u00e3s. (At 6, 3).<\/p>\n<p style=\"text-align: justify;\">O Ministro Extraordin\u00e1rio da Santa Comunh\u00e3o (MESC) \u00e9 um leigo a quem \u00e9 dada a permiss\u00e3o, tempor\u00e1ria ou permanente, de distribuir a comunh\u00e3o aos fi\u00e9is na missa ou em outras circunst\u00e2ncias.<\/p>\n<p style=\"text-align: justify;\">O candidato ao minist\u00e9rio \u00e9 escolhido pelo padre dentre os participantes da comunidade que seja respons\u00e1vel, pronto para servir, e possuidor do esp\u00edrito apost\u00f3lico e antes de ser admitido participar\u00e1 de um curso de forma\u00e7\u00e3o lit\u00fargica e doutrinal, ministrado pela Regi\u00e3o Episcopal Ipiranga. Ao aceitarem esse compromisso s\u00e3o nomeados pelo bispo para exercer a fun\u00e7\u00e3o com a m\u00e1xima dignidade e decoro.<\/p>\n<p style=\"text-align: justify;\">Estar a servi\u00e7o da Eucaristia para distribuir aos fi\u00e9is o Corpo e Sangue de Cristo \u00e9 um minist\u00e9rio, normalmente, reservados aos bispos, padres e di\u00e1conos (C\u00e2n. 910). Em 1969, com a institui\u00e7\u00e3o\u00a0<em>Fidei Custos<\/em>, a Sagrada Congrega\u00e7\u00e3o dos Sacramentos permitiu a leigos exercerem, extraordinariamente, este minist\u00e9rio. Esta autoriza\u00e7\u00e3o foi confirmada em 1973, pela Instru\u00e7\u00e3o\u00a0<em>Imensae Charitatis<\/em>\u00a0da mesma Congrega\u00e7\u00e3o e tamb\u00e9m pelo Motu Proprio de Paulo VI\u00a0<em>Ministeria Quaedam<\/em>, de 1972, com o qual institu\u00eda os minist\u00e9rios do leitor e do ac\u00f3lito. (GOEDERT, Valter Maur\u00edcio.\u00a0<em>Orienta\u00e7\u00f5es para Ministros Extraordin\u00e1rios da Comunh\u00e3o<\/em>. 11. ed. S\u00e3o Paulo: PAULUS, 2004).<\/p>\n<p style=\"text-align: justify;\">O Conc\u00edlio Vaticano II (1962-1965) retoma a dimens\u00e3o de servi\u00e7o como voca\u00e7\u00e3o de todo o povo de Deus. Somente a partir dessa vis\u00e3o \u00e9 poss\u00edvel, novamente, criar espa\u00e7o para outros minist\u00e9rios permanentes na igreja. Como realidade din\u00e2mica que se constr\u00f3i numa perspectiva de futuro, a Igreja pode abranger uma variedade de minist\u00e9rios que constantemente a edificam. (GOEDERT, Valter Maur\u00edcio.\u00a0<em>Orienta\u00e7\u00f5es para Ministros Extraordin\u00e1rios da Comunh\u00e3o<\/em>. 11. ed. S\u00e3o Paulo: PAULUS, 2004).<\/p>\n<p style=\"text-align: justify;\">O grupo de MESC da nossa comunidade \u00e9 composto por 70 leigos que com muita resigna\u00e7\u00e3o e alegria exercem esse minist\u00e9rio. Al\u00e9m de auxiliar na distribui\u00e7\u00e3o da Comunh\u00e3o nas missas, nas visitas aos enfermos, por meio da Pastoral da Sa\u00fade e na administra\u00e7\u00e3o do vi\u00e1tico, tamb\u00e9m nos reunimos todas as 2\u00aas quintas-feiras de cada m\u00eas com a finalidade de partilharmos a fraternidade, a Palavra de Deus, as experi\u00eancias e a f\u00e9.<img fetchpriority=\"high\" decoding=\"async\" class=\"size-full wp-image-306 aligncenter\" src=\"http:\/\/saojosedoipiranga.com.br\/site\/wp-content\/uploads\/2017\/09\/img_txtmesc.jpg\" alt=\"\" width=\"597\" height=\"250\" srcset=\"https:\/\/saojosedoipiranga.com.br\/new\/wp-content\/uploads\/2017\/09\/img_txtmesc.jpg 597w, https:\/\/saojosedoipiranga.com.br\/new\/wp-content\/uploads\/2017\/09\/img_txtmesc-300x126.jpg 300w\" sizes=\"(max-width: 597px) 100vw, 597px\" \/><\/p>\n<hr \/>\n<p>\u00a0<\/p>\n    <div class=\"xs_social_share_widget xs_share_url after_content \t\tmain_content  wslu-style-1 wslu-share-box-shaped wslu-fill-colored wslu-none wslu-share-horizontal wslu-theme-font-no wslu-main_content\">\n\n\t\t\n        <ul>\n\t\t\t        <\/ul>\n    <\/div> \n","protected":false},"excerpt":{"rendered":"<p>Minist\u00e9rio Extraordin\u00e1rio da Santa Comunh\u00e3o O MESC \u00a0nasceu da necessidade de apoio aos ministros ordin\u00e1rios (bispos, presb\u00edteros e di\u00e1conos) na miss\u00e3o t\u00e3o ampla de evangeliza\u00e7\u00e3o, como faziam as primeiras comunidades&hellip; <br \/> <a class=\"read-more\" href=\"https:\/\/saojosedoipiranga.com.br\/new\/pastorais\/mesc\/\">Leia mais<\/a><\/p>\n","protected":false},"author":3,"featured_media":7,"parent":64,"menu_order":0,"comment_status":"closed","ping_status":"closed","template":"page-templates\/sidebar-page.php","meta":{"_vp_format_video_url":"","_vp_image_focal_point":[],"footnotes":""},"class_list":["post-305","page","type-page","status-publish","has-post-thumbnail","hentry"],"_links":{"self":[{"href":"https:\/\/saojosedoipiranga.com.br\/new\/wp-json\/wp\/v2\/pages\/305","targetHints":{"allow":["GET"]}}],"collection":[{"href":"https:\/\/saojosedoipiranga.com.br\/new\/wp-json\/wp\/v2\/pages"}],"about":[{"href":"https:\/\/saojosedoipiranga.com.br\/new\/wp-json\/wp\/v2\/types\/page"}],"author":[{"embeddable":true,"href":"https:\/\/saojosedoipiranga.com.br\/new\/wp-json\/wp\/v2\/users\/3"}],"replies":[{"embeddable":true,"href":"https:\/\/saojosedoipiranga.com.br\/new\/wp-json\/wp\/v2\/comments?post=305"}],"version-history":[{"count":8,"href":"https:\/\/saojosedoipiranga.com.br\/new\/wp-json\/wp\/v2\/pages\/305\/revisions"}],"predecessor-version":[{"id":5157,"href":"https:\/\/saojosedoipiranga.com.br\/new\/wp-json\/wp\/v2\/pages\/305\/revisions\/5157"}],"up":[{"embeddable":true,"href":"https:\/\/saojosedoipiranga.com.br\/new\/wp-json\/wp\/v2\/pages\/64"}],"wp:featuredmedia":[{"embeddable":true,"href":"https:\/\/saojosedoipiranga.com.br\/new\/wp-json\/wp\/v2\/media\/7"}],"wp:attachment":[{"href":"https:\/\/saojosedoipiranga.com.br\/new\/wp-json\/wp\/v2\/media?parent=305"}],"curies":[{"name":"wp","href":"https:\/\/api.w.org\/{rel}","templated":true}]}}

<h2 class="wp-block-heading">Ministério Extraordinário da Santa Comunhão</h2>



<hr class="wp-block-separator"/>


<p style="text-align: justify;">O MESC  nasceu da necessidade de apoio aos ministros ordinários (bispos, presbíteros e diáconos) na missão tão ampla de evangelização, como faziam as primeiras comunidades cristãs. (At 6, 3).</p>
<p style="text-align: justify;">O Ministro Extraordinário da Santa Comunhão (MESC) é um leigo a quem é dada a permissão, temporária ou permanente, de distribuir a comunhão aos fiéis na missa ou em outras circunstâncias.</p>
<p style="text-align: justify;">O candidato ao ministério é escolhido pelo padre dentre os participantes da comunidade que seja responsável, pronto para servir, e possuidor do espírito apostólico e antes de ser admitido participará de um curso de formação litúrgica e doutrinal, ministrado pela Região Episcopal Ipiranga. Ao aceitarem esse compromisso são nomeados pelo bispo para exercer a função com a máxima dignidade e decoro.</p>
<p style="text-align: justify;">Estar a serviço da Eucaristia para distribuir aos fiéis o Corpo e Sangue de Cristo é um ministério, normalmente, reservados aos bispos, padres e diáconos (Cân. 910). Em 1969, com a instituição <em>Fidei Custos</em>, a Sagrada Congregação dos Sacramentos permitiu a leigos exercerem, extraordinariamente, este ministério. Esta autorização foi confirmada em 1973, pela Instrução <em>Imensae Charitatis</em> da mesma Congregação e também pelo Motu Proprio de Paulo VI <em>Ministeria Quaedam</em>, de 1972, com o qual instituía os ministérios do leitor e do acólito. (GOEDERT, Valter Maurício. <em>Orientações para Ministros Extraordinários da Comunhão</em>. 11. ed. São Paulo: PAULUS, 2004).</p>
<p style="text-align: justify;">O Concílio Vaticano II (1962-1965) retoma a dimensão de serviço como vocação de todo o povo de Deus. Somente a partir dessa visão é possível, novamente, criar espaço para outros ministérios permanentes na igreja. Como realidade dinâmica que se constrói numa perspectiva de futuro, a Igreja pode abranger uma variedade de ministérios que constantemente a edificam. (GOEDERT, Valter Maurício. <em>Orientações para Ministros Extraordinários da Comunhão</em>. 11. ed. São Paulo: PAULUS, 2004).</p>
<p style="text-align: justify;">O grupo de MESC da nossa comunidade é composto por 70 leigos que com muita resignação e alegria exercem esse ministério. Além de auxiliar na distribuição da Comunhão nas missas, nas visitas aos enfermos, por meio da Pastoral da Saúde e na administração do viático, também nos reunimos todas as 2ªs quintas-feiras de cada mês com a finalidade de partilharmos a fraternidade, a Palavra de Deus, as experiências e a fé.<img fetchpriority="high" decoding="async" class="size-full wp-image-306 aligncenter" src="http://saojosedoipiranga.com.br/site/wp-content/uploads/2017/09/img_txtmesc.jpg" alt="" width="597" height="250" srcset="https://saojosedoipiranga.com.br/new/wp-content/uploads/2017/09/img_txtmesc.jpg 597w, https://saojosedoipiranga.com.br/new/wp-content/uploads/2017/09/img_txtmesc-300x126.jpg 300w" sizes="(max-width: 597px) 100vw, 597px" /></p>
<hr />
<p> </p>
    <div class="xs_social_share_widget xs_share_url after_content 		main_content  wslu-style-1 wslu-share-box-shaped wslu-fill-colored wslu-none wslu-share-horizontal wslu-theme-font-no wslu-main_content">

		
        <ul>
			        </ul>
    </div>

<p>Ministério Extraordinário da Santa Comunhão O MESC  nasceu da necessidade de apoio aos ministros ordinários (bispos, presbíteros e diáconos) na missão tão ampla de evangelização, como faziam as primeiras comunidades&hellip; <br /> <a class="read-more" href="https://saojosedoipiranga.com.br/new/pastorais/mesc/">Leia mais</a></p>
