{"id":273,"date":"2017-09-26T13:58:42","date_gmt":"2017-09-26T16:58:42","guid":{"rendered":"http:\/\/saojosedoipiranga.com.br\/site\/?page_id=273"},"modified":"2025-08-08T19:02:19","modified_gmt":"2025-08-08T22:02:19","slug":"crianca","status":"publish","type":"page","link":"https:\/\/saojosedoipiranga.com.br\/new\/pastorais\/crianca\/","title":{"rendered":"Crian\u00e7a"},"content":{"rendered":"\t\t<div data-elementor-type=\"wp-page\" data-elementor-id=\"273\" class=\"elementor elementor-273\">\n\t\t\t\t<div class=\"elementor-element elementor-element-dbcf2ae e-flex e-con-boxed e-con e-parent\" data-id=\"dbcf2ae\" data-element_type=\"container\" data-e-type=\"container\">\n\t\t\t\t\t<div class=\"e-con-inner\">\n\t\t<div class=\"elementor-element elementor-element-0c54490 e-con-full e-flex e-con e-child\" data-id=\"0c54490\" data-element_type=\"container\" data-e-type=\"container\">\n\t\t\t\t<div class=\"elementor-element elementor-element-c519e24 elementor-widget elementor-widget-image\" data-id=\"c519e24\" data-element_type=\"widget\" data-e-type=\"widget\" data-widget_type=\"image.default\">\n\t\t\t\t<div class=\"elementor-widget-container\">\n\t\t\t\t\t\t\t\t\t\t\t\t\t\t\t\t<a href=\"https:\/\/api.whatsapp.com\/send?phone=5511982738107&#038;text=Ol%C3%A1,%20gostaria%20de%20informa%C3%A7%C3%B5es%20sobre%20a%20Pastoral%20da%20Crian%C3%A7a\" target=\"_blank\">\n\t\t\t\t\t\t\t<img fetchpriority=\"high\" decoding=\"async\" width=\"721\" height=\"1024\" src=\"https:\/\/saojosedoipiranga.com.br\/new\/wp-content\/uploads\/2025\/07\/ConvitePasCri-721x1024.jpg\" class=\"attachment-large size-large wp-image-6134\" alt=\"\" srcset=\"https:\/\/saojosedoipiranga.com.br\/new\/wp-content\/uploads\/2025\/07\/ConvitePasCri-721x1024.jpg 721w, https:\/\/saojosedoipiranga.com.br\/new\/wp-content\/uploads\/2025\/07\/ConvitePasCri-211x300.jpg 211w, https:\/\/saojosedoipiranga.com.br\/new\/wp-content\/uploads\/2025\/07\/ConvitePasCri-768x1090.jpg 768w, https:\/\/saojosedoipiranga.com.br\/new\/wp-content\/uploads\/2025\/07\/ConvitePasCri-1082x1536.jpg 1082w, https:\/\/saojosedoipiranga.com.br\/new\/wp-content\/uploads\/2025\/07\/ConvitePasCri-500x710.jpg 500w, https:\/\/saojosedoipiranga.com.br\/new\/wp-content\/uploads\/2025\/07\/ConvitePasCri-800x1136.jpg 800w, https:\/\/saojosedoipiranga.com.br\/new\/wp-content\/uploads\/2025\/07\/ConvitePasCri-1280x1817.jpg 1280w, https:\/\/saojosedoipiranga.com.br\/new\/wp-content\/uploads\/2025\/07\/ConvitePasCri-1024x1454.jpg 1024w, https:\/\/saojosedoipiranga.com.br\/new\/wp-content\/uploads\/2025\/07\/ConvitePasCri-761x1080.jpg 761w, https:\/\/saojosedoipiranga.com.br\/new\/wp-content\/uploads\/2025\/07\/ConvitePasCri.jpg 1409w\" sizes=\"(max-width: 721px) 100vw, 721px\" \/>\t\t\t\t\t\t\t\t<\/a>\n\t\t\t\t\t\t\t\t\t\t\t\t\t\t\t<\/div>\n\t\t\t\t<\/div>\n\t\t\t\t<\/div>\n\t\t<div class=\"elementor-element elementor-element-7d661d5 e-con-full e-flex e-con e-child\" data-id=\"7d661d5\" data-element_type=\"container\" data-e-type=\"container\">\n\t\t\t\t<div class=\"elementor-element elementor-element-21b5a3a elementor-widget elementor-widget-image\" data-id=\"21b5a3a\" data-element_type=\"widget\" data-e-type=\"widget\" data-widget_type=\"image.default\">\n\t\t\t\t<div class=\"elementor-widget-container\">\n\t\t\t\t\t\t\t\t\t\t\t\t\t\t\t<img decoding=\"async\" width=\"721\" height=\"1024\" src=\"https:\/\/saojosedoipiranga.com.br\/new\/wp-content\/uploads\/2025\/07\/1-721x1024.jpg\" class=\"attachment-large size-large wp-image-6130\" alt=\"\" srcset=\"https:\/\/saojosedoipiranga.com.br\/new\/wp-content\/uploads\/2025\/07\/1-721x1024.jpg 721w, https:\/\/saojosedoipiranga.com.br\/new\/wp-content\/uploads\/2025\/07\/1-211x300.jpg 211w, https:\/\/saojosedoipiranga.com.br\/new\/wp-content\/uploads\/2025\/07\/1-768x1090.jpg 768w, https:\/\/saojosedoipiranga.com.br\/new\/wp-content\/uploads\/2025\/07\/1-1082x1536.jpg 1082w, https:\/\/saojosedoipiranga.com.br\/new\/wp-content\/uploads\/2025\/07\/1-500x710.jpg 500w, https:\/\/saojosedoipiranga.com.br\/new\/wp-content\/uploads\/2025\/07\/1-800x1136.jpg 800w, https:\/\/saojosedoipiranga.com.br\/new\/wp-content\/uploads\/2025\/07\/1-1280x1817.jpg 1280w, https:\/\/saojosedoipiranga.com.br\/new\/wp-content\/uploads\/2025\/07\/1-1024x1454.jpg 1024w, https:\/\/saojosedoipiranga.com.br\/new\/wp-content\/uploads\/2025\/07\/1-761x1080.jpg 761w, https:\/\/saojosedoipiranga.com.br\/new\/wp-content\/uploads\/2025\/07\/1.jpg 1409w\" sizes=\"(max-width: 721px) 100vw, 721px\" \/>\t\t\t\t\t\t\t\t\t\t\t\t\t\t\t<\/div>\n\t\t\t\t<\/div>\n\t\t\t\t<\/div>\n\t\t\t\t\t<\/div>\n\t\t\t\t<\/div>\n\t\t<div class=\"elementor-element elementor-element-3235fa7 e-con-full e-flex e-con e-parent\" data-id=\"3235fa7\" data-element_type=\"container\" data-e-type=\"container\">\n\t\t\t\t<div class=\"elementor-element elementor-element-62affc3 elementor-align-center elementor-widget elementor-widget-button\" data-id=\"62affc3\" data-element_type=\"widget\" data-e-type=\"widget\" data-widget_type=\"button.default\">\n\t\t\t\t<div class=\"elementor-widget-container\">\n\t\t\t\t\t\t\t\t\t<div class=\"elementor-button-wrapper\">\n\t\t\t\t\t<a class=\"elementor-button elementor-button-link elementor-size-sm\" href=\"https:\/\/api.whatsapp.com\/send?phone=5511982738107&#038;text=Ol%C3%A1,%20gostaria%20de%20informa%C3%A7%C3%B5es%20sobre%20a%20Pastoral%20da%20Crian%C3%A7a\" target=\"_blank\">\n\t\t\t\t\t\t<span class=\"elementor-button-content-wrapper\">\n\t\t\t\t\t\t<span class=\"elementor-button-icon\">\n\t\t\t\t<svg aria-hidden=\"true\" class=\"e-font-icon-svg e-fab-whatsapp\" viewBox=\"0 0 448 512\" xmlns=\"http:\/\/www.w3.org\/2000\/svg\"><path d=\"M380.9 97.1C339 55.1 283.2 32 223.9 32c-122.4 0-222 99.6-222 222 0 39.1 10.2 77.3 29.6 111L0 480l117.7-30.9c32.4 17.7 68.9 27 106.1 27h.1c122.3 0 224.1-99.6 224.1-222 0-59.3-25.2-115-67.1-157zm-157 341.6c-33.2 0-65.7-8.9-94-25.7l-6.7-4-69.8 18.3L72 359.2l-4.4-7c-18.5-29.4-28.2-63.3-28.2-98.2 0-101.7 82.8-184.5 184.6-184.5 49.3 0 95.6 19.2 130.4 54.1 34.8 34.9 56.2 81.2 56.1 130.5 0 101.8-84.9 184.6-186.6 184.6zm101.2-138.2c-5.5-2.8-32.8-16.2-37.9-18-5.1-1.9-8.8-2.8-12.5 2.8-3.7 5.6-14.3 18-17.6 21.8-3.2 3.7-6.5 4.2-12 1.4-32.6-16.3-54-29.1-75.5-66-5.7-9.8 5.7-9.1 16.3-30.3 1.8-3.7.9-6.9-.5-9.7-1.4-2.8-12.5-30.1-17.1-41.2-4.5-10.8-9.1-9.3-12.5-9.5-3.2-.2-6.9-.2-10.6-.2-3.7 0-9.7 1.4-14.8 6.9-5.1 5.6-19.4 19-19.4 46.3 0 27.3 19.9 53.7 22.6 57.4 2.8 3.7 39.1 59.7 94.8 83.8 35.2 15.2 49 16.5 66.6 13.9 10.7-1.6 32.8-13.4 37.4-26.4 4.6-13 4.6-24.1 3.2-26.4-1.3-2.5-5-3.9-10.5-6.6z\"><\/path><\/svg>\t\t\t<\/span>\n\t\t\t\t\t\t\t\t\t<span class=\"elementor-button-text\">QUERO SABER MAIS<\/span>\n\t\t\t\t\t<\/span>\n\t\t\t\t\t<\/a>\n\t\t\t\t<\/div>\n\t\t\t\t\t\t\t\t<\/div>\n\t\t\t\t<\/div>\n\t\t\t\t<\/div>\n\t\t<div class=\"elementor-element elementor-element-59f6d323 e-flex e-con-boxed e-con e-parent\" data-id=\"59f6d323\" data-element_type=\"container\" data-e-type=\"container\">\n\t\t\t\t\t<div class=\"e-con-inner\">\n\t\t\t\t<div class=\"elementor-element elementor-element-21d2d443 elementor-widget elementor-widget-text-editor\" data-id=\"21d2d443\" data-element_type=\"widget\" data-e-type=\"widget\" data-widget_type=\"text-editor.default\">\n\t\t\t\t<div class=\"elementor-widget-container\">\n\t\t\t\t\t\t\t\t\t\n<h2 class=\"wp-block-heading\">Pastoral da Crian\u00e7a<\/h2>\n<hr class=\"wp-block-separator\" \/>\n<p style=\"text-align: justify;\">Fundada em 1983, na cidade de Florest\u00f3polis, Paran\u00e1, pela m\u00e9dica sanitarista e pediatra,\u00a0Dra. Zilda Arns Neumann, e pelo ent\u00e3o Arcebispo de Londrina, hoje cardeal em\u00e9rito, Dom Geraldo Majella Agnelo, a Pastoral da Crian\u00e7a est\u00e1 presente em todos os estados brasileiros e em outros 17 pa\u00edses da \u00c1frica, \u00c1sia, Am\u00e9rica Latina e Caribe.<\/p>\n<p style=\"text-align: justify;\">\u00c9 um organismo nacional de a\u00e7\u00e3o social da CNBB, que alicer\u00e7a sua atua\u00e7\u00e3o na organiza\u00e7\u00e3o da comunidade e na capacita\u00e7\u00e3o de l\u00edderes volunt\u00e1rios que ali vivem e assumem a tarefa de orientar e acompanhar as fam\u00edlias vizinhas em a\u00e7\u00f5es b\u00e1sicas de sa\u00fade, educa\u00e7\u00e3o, nutri\u00e7\u00e3o e cidadania.<\/p>\n<p style=\"text-align: justify;\">O objetivo principal da Pastoral da Crian\u00e7a \u00e9 o &#8220;desenvolvimento integral das crian\u00e7as, promovendo, em fun\u00e7\u00e3o delas, tamb\u00e9m suas fam\u00edlias e comunidades, sem distin\u00e7\u00e3o de ra\u00e7a, cor, profiss\u00e3o, nacionalidade, sexo, credo religioso ou pol\u00edtico&#8221;.<\/p>\n<hr \/>\n<h5 style=\"text-align: justify;\"><strong>Dia a Dia da Pastoral&#8230;<\/strong><\/h5>\n<p style=\"text-align: justify;\">Todo o trabalho da Pastoral da Crian\u00e7a se inicia com um mutir\u00e3o de capta\u00e7\u00e3o das fam\u00edlias carentes do bairro: os l\u00edderes agentes da Pastoral visitam as fam\u00edlias, cadastrando crian\u00e7as que tenham de 0 a 6 anos e gestantes que necessitam de apoio em a\u00e7\u00f5es b\u00e1sicas de sa\u00fade, educa\u00e7\u00e3o, nutri\u00e7\u00e3o e cidadania.<\/p>\n<p style=\"text-align: justify;\">Com base no cadastro das crian\u00e7as e gestantes, os l\u00edderes se dividem em duplas e fazem mensalmente as visitas domiciliares \u00e0s fam\u00edlias. Na visita, o l\u00edder tem a oportunidade de conversar sem pressa com a gestante, os pais e familiares da crian\u00e7a. Com isso, ele pode conhecer melhor a situa\u00e7\u00e3o de vida e as necessidades das fam\u00edlias para poder ajud\u00e1-las. Desse modo, ele tamb\u00e9m ajuda a refor\u00e7ar la\u00e7os de confian\u00e7a e amizade entre eles. No caso das gestantes, os l\u00edderes as orientam sobre a import\u00e2ncia do\u00a0pr\u00e9-natal, de\u00a0um parto de qualidade e do\u00a0aleitamento materno. Orientam sobre os direitos e deveres, os cuidados na gravidez, alimenta\u00e7\u00e3o, higiene,\u00a0vacina\u00e7\u00e3o.<\/p>\n<p style=\"text-align: justify;\">Cada trimestre da gravidez \u00e9 acompanhado com base em um Guia da Pastoral nacional, englobando o desenvolvimento do beb\u00ea no\u00a0\u00fatero, as queixas mais comuns, os sinais de risco e o preparo para o\u00a0parto e p\u00f3s-parto. Al\u00e9m disso, \u00e9 papel do l\u00edder dar apoio psicol\u00f3gico e melhoria da auto-estima \u00e0 gestante.<\/p>\n<p style=\"text-align: justify;\">A cada visita mensal, o l\u00edder entrega para a gestante uma cartela com informa\u00e7\u00f5es preciosas sobre o per\u00edodo de sua gravidez e desenvolvimento do beb\u00ea, chamado \u201cLa\u00e7os de Amor\u201d.<\/p>\n<p style=\"text-align: justify;\">No caso das crian\u00e7as de 0 a 6 anos, os l\u00edderes orientam as m\u00e3es, pais e familiares\u00a0a acompanhar e cuidar do desenvolvimento da crian\u00e7a em cada etapa da\u00a0vida. Orientam sobre os direitos, o desenvolvimento e aprendizagem da\u00a0crian\u00e7a, os sinais de risco para a sa\u00fade, e d\u00e3o informa\u00e7\u00f5es para a\u00a0preven\u00e7\u00e3o e tratamento de doen\u00e7as mais comuns e perigosas para a fase de desenvolvimento.\u00a0Realizam tamb\u00e9m avalia\u00e7\u00e3o nutricional, orienta\u00e7\u00e3o sobre higiene,\u00a0sa\u00fade bucal e imuniza\u00e7\u00e3o, acompanhando de perto a carteira de vacina\u00e7\u00e3o da crian\u00e7a.<\/p>\n<p style=\"text-align: justify;\">Al\u00e9m das visitas domiciliares, a Pastoral da Crian\u00e7a promove tamb\u00e9m mensalmente a chamada \u201cCelebra\u00e7\u00e3o da Vida\u201d, momento em que as fam\u00edlias e l\u00edderes se re\u00fanem para celebrar o desenvolvimento de suas crian\u00e7as. \u00c9 nesse momento que as crian\u00e7as e gestantes s\u00e3o pesadas para acompanhamento da curva de nutri\u00e7\u00e3o.<\/p>\n<p style=\"text-align: justify;\">Internamente, os l\u00edderes se re\u00fanem tamb\u00e9m uma vez por m\u00eas para a RRA \u2013 Reuni\u00e3o de Reflex\u00e3o e Avalia\u00e7\u00e3o, tendo a chance de discutir em grupo os problemas e avan\u00e7os das fam\u00edlias, e assim aprendendo juntos e buscando sempre a melhoria de sua atua\u00e7\u00e3o junto \u00e0s fam\u00edlias.<\/p>\n<hr \/>\n<h5 style=\"text-align: justify;\"><strong>Miss\u00e3o<\/strong><\/h5>\n<p style=\"text-align: justify;\">\u201cPara que todas as crian\u00e7as tenham vida em abund\u00e2ncia\u201d (Cf. Jo 10, 10).<\/p>\n<p style=\"text-align: justify;\">A miss\u00e3o da Pastoral da Crian\u00e7a \u00e9 promover o desenvolvimento das crian\u00e7as,\u00a0\u00e0 luz da evang\u00e9lica op\u00e7\u00e3o preferencial pelos pobres, do ventre materno aos seis anos, por meio de orienta\u00e7\u00f5es b\u00e1sicas de sa\u00fade, nutri\u00e7\u00e3o, educa\u00e7\u00e3o e cidadania, fundamentadas na m\u00edstica crist\u00e3 que une f\u00e9 e vida, contribuindo para que suas fam\u00edlias e comunidades realizem sua pr\u00f3pria transforma\u00e7\u00e3o.<\/p>\n<h5 style=\"text-align: justify;\"><strong>Vis\u00e3o<\/strong><\/h5>\n<p style=\"text-align: justify;\">A Pastoral da Crian\u00e7a trabalha por um mundo sem mortes materno-infantis evit\u00e1veis e onde todas as crian\u00e7as, mesmo as mais vulner\u00e1veis, viver\u00e3o num ambiente favor\u00e1vel ao seu desenvolvimento&#8221; (Cf. Isa\u00edas cap\u00edtulo 65, a partir do vers\u00edculo 16).<\/p>\n<h5 style=\"text-align: justify;\"><strong>Cren\u00e7as<\/strong><\/h5>\n<p style=\"text-align: justify;\">\u2022 Partilha e Solidariedade.<br \/>\u2022 Deus se revela preferencialmente aos pobres.<br \/>\u2022 F\u00e9 \u00e9 Vida: vivenciar a f\u00e9, por meio de a\u00e7\u00f5es concretas na comunidade.<br \/>\u2022 A gl\u00f3ria de Deus \u00e9 a vida.<\/p>\n<h5><strong>Valores<\/strong><\/h5>\n<p>\u2022 Ades\u00e3o \u00e0 miss\u00e3o da Pastoral da Crian\u00e7a.<img decoding=\"async\" class=\"alignright wp-image-274 size-thumbnail\" src=\"http:\/\/saojosedoipiranga.com.br\/site\/wp-content\/uploads\/2017\/09\/Imagem1-150x150.jpg\" alt=\"\" width=\"150\" height=\"150\" srcset=\"https:\/\/saojosedoipiranga.com.br\/new\/wp-content\/uploads\/2017\/09\/Imagem1-150x150.jpg 150w, https:\/\/saojosedoipiranga.com.br\/new\/wp-content\/uploads\/2017\/09\/Imagem1-300x300.jpg 300w, https:\/\/saojosedoipiranga.com.br\/new\/wp-content\/uploads\/2017\/09\/Imagem1.jpg 305w\" sizes=\"(max-width: 150px) 100vw, 150px\" \/><br \/>\u2022 \u00c9tica (transpar\u00eancia, honestidade, justi\u00e7a, equidade).<br \/>\u2022 Simplicidade.<br \/>\u2022 N\u00e3o discrimina\u00e7\u00e3o.<br \/>\u2022 Compromisso com os resultados.<br \/>\u2022 Perseveran\u00e7a.<br \/>\u2022 Valoriza\u00e7\u00e3o das crian\u00e7as, gestantes e das fam\u00edlias.<br \/>\u2022 Alegria em servir.<br \/>\u2022 Multiplicar o saber.<br \/>\u2022 Ir ao encontro, buscar proximidade.<\/p>\n<hr \/>\n<h5><strong>Estrutura Par\u00f3quia S\u00e3o Jos\u00e9 do Ipiranga<\/strong><\/h5>\n<hr \/>\n<p>Atualmente, h\u00e1 2 l\u00edderes formados por agentes capacitadores da Pastoral Regional, e 16 apoios, totalizando 18 agentes atuantes:<\/p>\n<p>Bruna Alcale<br \/>Jeanete Alcale<br \/>Rita Carassato <br \/>Ricardo Carassato<br \/>Daniela Moretti <br \/>Rodrigo Moretti <br \/>Doraci Barros<br \/>Fl\u00e1vio<br \/>Helena<br \/>Izandro Pereira<br \/>Igor Pereira<br \/>Isa Abreu<br \/>James Losacco <br \/>Rafaella Abreu Losacco<br \/>Maria Alice<br \/>Michelle Zago<br \/>Ricardo Zago<br \/>Rosemeire Arboleda<\/p>\n<hr \/>\n<h5>\u00a0<\/h5>\t\t\t\t\t\t\t\t<\/div>\n\t\t\t\t<\/div>\n\t\t\t\t\t<\/div>\n\t\t\t\t<\/div>\n\t\t<div class=\"elementor-element elementor-element-00adf12 e-flex e-con-boxed e-con e-parent\" data-id=\"00adf12\" data-element_type=\"container\" data-e-type=\"container\">\n\t\t\t\t\t<div class=\"e-con-inner\">\n\t\t<div class=\"elementor-element elementor-element-81395b3 e-con-full e-flex e-con e-child\" data-id=\"81395b3\" data-element_type=\"container\" data-e-type=\"container\" data-settings=\"{&quot;background_background&quot;:&quot;classic&quot;}\">\n\t\t<div class=\"elementor-element elementor-element-491545b e-con-full e-flex e-con e-child\" data-id=\"491545b\" data-element_type=\"container\" data-e-type=\"container\" data-settings=\"{&quot;background_background&quot;:&quot;classic&quot;}\">\n\t\t\t\t<div class=\"elementor-element elementor-element-faad4d1 elementor-widget elementor-widget-heading\" data-id=\"faad4d1\" data-element_type=\"widget\" data-e-type=\"widget\" data-widget_type=\"heading.default\">\n\t\t\t\t<div class=\"elementor-widget-container\">\n\t\t\t\t\t<h2 class=\"elementor-heading-title elementor-size-default\">\ud83c\udf3f Apoie a Pastoral da Crian\u00e7a em nossa Par\u00f3quia!<\/h2>\t\t\t\t<\/div>\n\t\t\t\t<\/div>\n\t\t<div class=\"elementor-element elementor-element-a6d8af8 e-con-full e-flex e-con e-child\" data-id=\"a6d8af8\" data-element_type=\"container\" data-e-type=\"container\">\n\t\t\t\t<div class=\"elementor-element elementor-element-1a80d81 elementor-widget elementor-widget-text-editor\" data-id=\"1a80d81\" data-element_type=\"widget\" data-e-type=\"widget\" data-widget_type=\"text-editor.default\">\n\t\t\t\t<div class=\"elementor-widget-container\">\n\t\t\t\t\t\t\t\t\t<h5 data-start=\"160\" data-end=\"343\">A <b>Pastoral da Crian\u00e7a<\/b> realiza um trabalho transformador em nossa comunidade, acompanhando gestantes, crian\u00e7as de 0 a 6 anos e suas fam\u00edlias, promovendo sa\u00fade, nutri\u00e7\u00e3o, educa\u00e7\u00e3o e f\u00e9.<\/h5>\n<h5 data-start=\"345\" data-end=\"467\">Seja como volunt\u00e1rio, colaborador ou apoiador, <strong data-start=\"392\" data-end=\"466\">voc\u00ea tamb\u00e9m pode fazer parte dessa miss\u00e3o de amor e cuidado com a vida<\/strong>!<\/h5>\n<h5 data-start=\"469\" data-end=\"578\"><img decoding=\"async\" class=\"emoji\" role=\"img\" draggable=\"false\" src=\"https:\/\/s.w.org\/images\/core\/emoji\/16.0.1\/svg\/1f64f.svg\" alt=\"\ud83d\ude4f\" \/> Junte-se a n\u00f3s na <b>Par\u00f3quia S\u00e3o Jos\u00e9 do Ipiranga<\/b> e ajude a construir um futuro melhor para nossas crian\u00e7as.<\/h5>\n<h5 data-start=\"580\" data-end=\"624\"><img decoding=\"async\" class=\"emoji\" role=\"img\" draggable=\"false\" src=\"https:\/\/s.w.org\/images\/core\/emoji\/16.0.1\/svg\/1f4de.svg\" alt=\"\ud83d\udcde\" \/> Entre em contato e saiba como participar!<\/h5>\n<h5><a href=\"https:\/\/api.whatsapp.com\/send?phone=5511982738107&amp;text=Ol%C3%A1,%20gostaria%20de%20informa%C3%A7%C3%B5es%20sobre%20a%20Pastoral%20da%20Crian%C3%A7a\" target=\"_blank\" rel=\"noopener\"><b>Bruna (coordenadora): (11) 98273-8107<\/b><\/a><\/h5>\t\t\t\t\t\t\t\t<\/div>\n\t\t\t\t<\/div>\n\t\t\t\t<\/div>\n\t\t\t\t<\/div>\n\t\t\t\t<\/div>\n\t\t\t\t\t<\/div>\n\t\t\t\t<\/div>\n\t\t\t\t<\/div>\n\t\t\n    <div class=\"xs_social_share_widget xs_share_url after_content \t\tmain_content  wslu-style-1 wslu-share-box-shaped wslu-fill-colored wslu-none wslu-share-horizontal wslu-theme-font-no wslu-main_content\">\n\n\t\t\n        <ul>\n\t\t\t        <\/ul>\n    <\/div> \n","protected":false},"excerpt":{"rendered":"<p>QUERO SABER MAIS Pastoral da Crian\u00e7a Fundada em 1983, na cidade de Florest\u00f3polis, Paran\u00e1, pela m\u00e9dica sanitarista e pediatra,\u00a0Dra. Zilda Arns Neumann, e pelo ent\u00e3o Arcebispo de Londrina, hoje cardeal&hellip; <br \/> <a class=\"read-more\" href=\"https:\/\/saojosedoipiranga.com.br\/new\/pastorais\/crianca\/\">Leia mais<\/a><\/p>\n","protected":false},"author":3,"featured_media":3360,"parent":64,"menu_order":0,"comment_status":"closed","ping_status":"closed","template":"","meta":{"_vp_format_video_url":"","_vp_image_focal_point":[],"footnotes":""},"class_list":["post-273","page","type-page","status-publish","has-post-thumbnail","hentry"],"_links":{"self":[{"href":"https:\/\/saojosedoipiranga.com.br\/new\/wp-json\/wp\/v2\/pages\/273","targetHints":{"allow":["GET"]}}],"collection":[{"href":"https:\/\/saojosedoipiranga.com.br\/new\/wp-json\/wp\/v2\/pages"}],"about":[{"href":"https:\/\/saojosedoipiranga.com.br\/new\/wp-json\/wp\/v2\/types\/page"}],"author":[{"embeddable":true,"href":"https:\/\/saojosedoipiranga.com.br\/new\/wp-json\/wp\/v2\/users\/3"}],"replies":[{"embeddable":true,"href":"https:\/\/saojosedoipiranga.com.br\/new\/wp-json\/wp\/v2\/comments?post=273"}],"version-history":[{"count":31,"href":"https:\/\/saojosedoipiranga.com.br\/new\/wp-json\/wp\/v2\/pages\/273\/revisions"}],"predecessor-version":[{"id":6194,"href":"https:\/\/saojosedoipiranga.com.br\/new\/wp-json\/wp\/v2\/pages\/273\/revisions\/6194"}],"up":[{"embeddable":true,"href":"https:\/\/saojosedoipiranga.com.br\/new\/wp-json\/wp\/v2\/pages\/64"}],"wp:featuredmedia":[{"embeddable":true,"href":"https:\/\/saojosedoipiranga.com.br\/new\/wp-json\/wp\/v2\/media\/3360"}],"wp:attachment":[{"href":"https:\/\/saojosedoipiranga.com.br\/new\/wp-json\/wp\/v2\/media?parent=273"}],"curies":[{"name":"wp","href":"https:\/\/api.w.org\/{rel}","templated":true}]}}