{"id":258,"date":"2017-09-25T13:47:46","date_gmt":"2017-09-25T16:47:46","guid":{"rendered":"http:\/\/saojosedoipiranga.com.br\/site\/?page_id=258"},"modified":"2022-09-20T14:11:31","modified_gmt":"2022-09-20T17:11:31","slug":"catequese","status":"publish","type":"page","link":"https:\/\/saojosedoipiranga.com.br\/new\/pastorais\/catequese\/","title":{"rendered":"Catequese"},"content":{"rendered":"\n<h2 class=\"wp-block-heading\">Pastoral da Catequese<\/h2>\n\n\n\n<hr class=\"wp-block-separator\"\/>\n\n\n\n<p><div align=\"justify\"><p>A Pastoral da Catequese tem como miss\u00e3o iniciar as crian\u00e7as, adolescentes e adultos na f\u00e9 crist\u00e3. Esta inicia\u00e7\u00e3o se d\u00e1, concretamente, atrav\u00e9s da forma\u00e7\u00e3o crist\u00e3 \u00e0 luz dos Evangelhos, da celebra\u00e7\u00e3o lit\u00fargica e da viv\u00eancia comunit\u00e1ria. Realizamos encontros semanais de forma\u00e7\u00e3o, onde s\u00e3o apresentados temas do nosso cotidiano, iluminados pela Palavra de Jesus que nos traz a vontade do Pai, na for\u00e7a do Esp\u00edrito, onde buscamos do verdadeiro sentido da vida e mudan\u00e7as de atitude em rela\u00e7\u00e3o a Deus, ao irm\u00e3o e \u00e0 irm\u00e3 e \u00e0 m\u00e3e Terra.<\/p><\/div><\/p>\n\n\n\n<p><\/p>\n\n\n\n<p>A catequese \u00e9 um processo de educa\u00e7\u00e3o da f\u00e9 em comunidade, \u00e9 din\u00e2mica, \u00e9 sistem\u00e1tica e permanente.<\/p>\n\n\n\n<p><strong>Dura\u00e7\u00e3o, dias e hor\u00e1rio:<\/strong><\/p>\n\n\n\n<p>\u2022 <strong>Catequese Crian\u00e7as e Perseveran\u00e7a<\/strong>: aos domingos (semanal) iniciando com a missa das 9:30 e com encerramento do encontro \u00e0s 11:45.<\/p>\n\n\n\n<p>&nbsp;&#8211;&nbsp;In\u00edcio: 30 de janeiro 2022 (somente reuni\u00e3o com os pais) e 06\/02\/2022 os encontros com as crian\u00e7as<\/p>\n\n\n\n<p>&nbsp;&#8211; Ser\u00e3o 2 (dois) anos de prepara\u00e7\u00e3o para a Primeira Eucaristia e de acordo com o aproveitamento.<\/p>\n\n\n\n<p>\u2022&nbsp;<strong>Crisma<\/strong>: aos s\u00e1bados<\/p>\n\n\n\n<p>\u2022&nbsp;<strong>Catequese Adultos<\/strong>: informar-se pelo tel. (11) 4323-3040<\/p>\n\n\n\n<p><br><strong>Observa\u00e7\u00e3o:<\/strong><\/p>\n\n\n\n<p><div align=\"justify\"><p>A Perseveran\u00e7a acontece para preencher o per\u00edodo entre a primeira Eucaristia e a Crisma nos casos em que o adolescente ainda n\u00e3o tenha idade m\u00ednima (14 anos de idade). As atividades na perseveran\u00e7a tendem a ser mais pr\u00e1ticas e menos te\u00f3ricas.<\/p><\/div><\/p>\n\n\n\n<p><strong><br>Requisito:<\/strong><\/p>\n\n\n\n<p>\u2022 Para a Catequese j\u00e1 ter 8 anos completos;<\/p>\n\n\n\n<p>\u2022 Para a Crisma j\u00e1 ter feito a primeira eucaristia e ter 14 anos de idade completos.<\/p>\n\n\n\n<p><br><strong>Documentos obrigat\u00f3rios:<\/strong><\/p>\n\n\n<div align=\"justify\">\n<p>\u2022&nbsp;<strong>Na Catequese:<\/strong> ficha de Inscri\u00e7\u00e3o preenchida (<strong><a href=\"https:\/\/saojosedoipiranga.com.br\/new\/wp-content\/uploads\/2021\/12\/ficha_inscricao_catequese.pdf\" target=\"_blank\" rel=\"noreferrer noopener\">Baixe aqui a ficha de Inscri\u00e7\u00e3o Catequese<\/a><\/strong> ou solicite na secretaria da paroquial), (c\u00f3pias) do RG ou Certid\u00e3o de Nascimento, Certid\u00e3o de Batismo (se j\u00e1 batizado, quando n\u00e3o avisar para o preparo ao longo da catequese) e Comprovante de Resid\u00eancia;<\/p>\n<\/div>\n\n\n<p><div align=\"justify\"><p>\u2022\u00a0<strong>Para a Crisma:<\/strong> ficha de Inscri\u00e7\u00e3o preenchida (solicite na secretaria da paroquial), (c\u00f3pias) do RG ou Certid\u00e3o de Nascimento, Certid\u00e3o de Batismo, Comprovante da Primeira Eucaristia e Comprovante de Resid\u00eancia.<\/p><\/div><\/p>\n\n\n\n<p><\/p>\n\n    <div class=\"xs_social_share_widget xs_share_url after_content \t\tmain_content  wslu-style-1 wslu-share-box-shaped wslu-fill-colored wslu-none wslu-share-horizontal wslu-theme-font-no wslu-main_content\">\n\n\t\t\n        <ul>\n\t\t\t        <\/ul>\n    <\/div> \n","protected":false},"excerpt":{"rendered":"<p>Pastoral da Catequese A Pastoral da Catequese tem como miss\u00e3o iniciar as crian\u00e7as, adolescentes e adultos na f\u00e9 crist\u00e3. Esta inicia\u00e7\u00e3o se d\u00e1, concretamente, atrav\u00e9s da forma\u00e7\u00e3o crist\u00e3 \u00e0 luz&hellip; <br \/> <a class=\"read-more\" href=\"https:\/\/saojosedoipiranga.com.br\/new\/pastorais\/catequese\/\">Leia mais<\/a><\/p>\n","protected":false},"author":3,"featured_media":2517,"parent":64,"menu_order":0,"comment_status":"closed","ping_status":"closed","template":"page-templates\/page-with-right-sidebar.php","meta":{"_vp_format_video_url":"","_vp_image_focal_point":[],"footnotes":""},"class_list":["post-258","page","type-page","status-publish","has-post-thumbnail","hentry"],"_links":{"self":[{"href":"https:\/\/saojosedoipiranga.com.br\/new\/wp-json\/wp\/v2\/pages\/258","targetHints":{"allow":["GET"]}}],"collection":[{"href":"https:\/\/saojosedoipiranga.com.br\/new\/wp-json\/wp\/v2\/pages"}],"about":[{"href":"https:\/\/saojosedoipiranga.com.br\/new\/wp-json\/wp\/v2\/types\/page"}],"author":[{"embeddable":true,"href":"https:\/\/saojosedoipiranga.com.br\/new\/wp-json\/wp\/v2\/users\/3"}],"replies":[{"embeddable":true,"href":"https:\/\/saojosedoipiranga.com.br\/new\/wp-json\/wp\/v2\/comments?post=258"}],"version-history":[{"count":26,"href":"https:\/\/saojosedoipiranga.com.br\/new\/wp-json\/wp\/v2\/pages\/258\/revisions"}],"predecessor-version":[{"id":5151,"href":"https:\/\/saojosedoipiranga.com.br\/new\/wp-json\/wp\/v2\/pages\/258\/revisions\/5151"}],"up":[{"embeddable":true,"href":"https:\/\/saojosedoipiranga.com.br\/new\/wp-json\/wp\/v2\/pages\/64"}],"wp:featuredmedia":[{"embeddable":true,"href":"https:\/\/saojosedoipiranga.com.br\/new\/wp-json\/wp\/v2\/media\/2517"}],"wp:attachment":[{"href":"https:\/\/saojosedoipiranga.com.br\/new\/wp-json\/wp\/v2\/media?parent=258"}],"curies":[{"name":"wp","href":"https:\/\/api.w.org\/{rel}","templated":true}]}}

<h2 class="wp-block-heading">Pastoral da Catequese</h2>



<hr class="wp-block-separator"/>



<p><div align="justify"><p>A Pastoral da Catequese tem como missão iniciar as crianças, adolescentes e adultos na fé cristã. Esta iniciação se dá, concretamente, através da formação cristã à luz dos Evangelhos, da celebração litúrgica e da vivência comunitária. Realizamos encontros semanais de formação, onde são apresentados temas do nosso cotidiano, iluminados pela Palavra de Jesus que nos traz a vontade do Pai, na força do Espírito, onde buscamos do verdadeiro sentido da vida e mudanças de atitude em relação a Deus, ao irmão e à irmã e à mãe Terra.</p></div></p>



<p></p>



<p>A catequese é um processo de educação da fé em comunidade, é dinâmica, é sistemática e permanente.</p>



<p><strong>Duração, dias e horário:</strong></p>



<p>• <strong>Catequese Crianças e Perseverança</strong>: aos domingos (semanal) iniciando com a missa das 9:30 e com encerramento do encontro às 11:45.</p>



<p>&nbsp;&#8211;&nbsp;Início: 30 de janeiro 2022 (somente reunião com os pais) e 06/02/2022 os encontros com as crianças</p>



<p>&nbsp;&#8211; Serão 2 (dois) anos de preparação para a Primeira Eucaristia e de acordo com o aproveitamento.</p>



<p>•&nbsp;<strong>Crisma</strong>: aos sábados</p>



<p>•&nbsp;<strong>Catequese Adultos</strong>: informar-se pelo tel. (11) 4323-3040</p>



<p><br><strong>Observação:</strong></p>



<p><div align="justify"><p>A Perseverança acontece para preencher o período entre a primeira Eucaristia e a Crisma nos casos em que o adolescente ainda não tenha idade mínima (14 anos de idade). As atividades na perseverança tendem a ser mais práticas e menos teóricas.</p></div></p>



<p><strong><br>Requisito:</strong></p>



<p>• Para a Catequese já ter 8 anos completos;</p>



<p>• Para a Crisma já ter feito a primeira eucaristia e ter 14 anos de idade completos.</p>



<p><br><strong>Documentos obrigatórios:</strong></p>


<div align="justify">
<p>•&nbsp;<strong>Na Catequese:</strong> ficha de Inscrição preenchida (<strong><a href="https://saojosedoipiranga.com.br/new/wp-content/uploads/2021/12/ficha_inscricao_catequese.pdf" target="_blank" rel="noreferrer noopener">Baixe aqui a ficha de Inscrição Catequese</a></strong> ou solicite na secretaria da paroquial), (cópias) do RG ou Certidão de Nascimento, Certidão de Batismo (se já batizado, quando não avisar para o preparo ao longo da catequese) e Comprovante de Residência;</p>
</div>


<p><div align="justify"><p>• <strong>Para a Crisma:</strong> ficha de Inscrição preenchida (solicite na secretaria da paroquial), (cópias) do RG ou Certidão de Nascimento, Certidão de Batismo, Comprovante da Primeira Eucaristia e Comprovante de Residência.</p></div></p>



<p></p>

    <div class="xs_social_share_widget xs_share_url after_content 		main_content  wslu-style-1 wslu-share-box-shaped wslu-fill-colored wslu-none wslu-share-horizontal wslu-theme-font-no wslu-main_content">

		
        <ul>
			        </ul>
    </div>

<p>Pastoral da Catequese A Pastoral da Catequese tem como missão iniciar as crianças, adolescentes e adultos na fé cristã. Esta iniciação se dá, concretamente, através da formação cristã à luz&hellip; <br /> <a class="read-more" href="https://saojosedoipiranga.com.br/new/pastorais/catequese/">Leia mais</a></p>
